Last updated on 2024-08-31 22:49:43 CEST.
Flavor | Version | Tinstall | Tcheck | Ttotal | Status | Flags |
---|---|---|---|---|---|---|
r-devel-linux-x86_64-debian-clang | 0.2.0 | 30.80 | 279.12 | 309.92 | OK | |
r-devel-linux-x86_64-debian-gcc | 0.2.0 | 18.80 | 177.82 | 196.62 | OK | |
r-devel-linux-x86_64-fedora-clang | 0.2.0 | 488.56 | NOTE | |||
r-devel-linux-x86_64-fedora-gcc | 0.2.0 | 469.88 | NOTE | |||
r-devel-windows-x86_64 | 0.2.0 | 28.00 | 220.00 | 248.00 | OK | |
r-patched-linux-x86_64 | 0.2.0 | 28.64 | 258.31 | 286.95 | OK | |
r-release-linux-x86_64 | 0.2.0 | 28.07 | 261.83 | 289.90 | OK | |
r-release-macos-arm64 | 0.2.0 | 132.00 | OK | |||
r-release-macos-x86_64 | 0.2.0 | 203.00 | OK | |||
r-release-windows-x86_64 | 0.2.0 | 27.00 | 231.00 | 258.00 | OK | |
r-oldrel-macos-arm64 | 0.2.0 | 151.00 | OK | |||
r-oldrel-macos-x86_64 | 0.2.0 | 219.00 | OK | |||
r-oldrel-windows-x86_64 | 0.2.0 | 41.00 | 307.00 | 348.00 | OK |
Version: 0.2.0
Check: data for non-ASCII characters
Result: NOTE
Note: found 18 marked UTF-8 strings
Flavors: r-devel-linux-x86_64-fedora-clang, r-devel-linux-x86_64-fedora-gcc