Last updated on 2025-04-30 07:55:13 CEST.
Flavor | Version | Tinstall | Tcheck | Ttotal | Status | Flags |
---|---|---|---|---|---|---|
r-devel-linux-x86_64-debian-clang | 1.1.2 | 16.13 | 144.92 | 161.05 | NOTE | |
r-devel-linux-x86_64-debian-gcc | 1.1.2 | 11.09 | 99.85 | 110.94 | NOTE | |
r-devel-linux-x86_64-fedora-clang | 1.1.2 | 236.82 | NOTE | |||
r-devel-linux-x86_64-fedora-gcc | 1.1.2 | 243.53 | NOTE | |||
r-devel-windows-x86_64 | 1.1.2 | 19.00 | 152.00 | 171.00 | NOTE | |
r-patched-linux-x86_64 | 1.1.2 | 14.93 | 132.00 | 146.93 | NOTE | |
r-release-linux-x86_64 | 1.1.2 | 16.75 | 131.78 | 148.53 | NOTE | |
r-release-macos-arm64 | 1.1.2 | 77.00 | NOTE | |||
r-release-macos-x86_64 | 1.1.2 | 130.00 | NOTE | |||
r-release-windows-x86_64 | 1.1.2 | 18.00 | 152.00 | 170.00 | NOTE | |
r-oldrel-macos-arm64 | 1.1.2 | 70.00 | NOTE | |||
r-oldrel-macos-x86_64 | 1.1.2 | 101.00 | NOTE | |||
r-oldrel-windows-x86_64 | 1.1.2 | 24.00 | 189.00 | 213.00 | NOTE |
Version: 1.1.2
Check: CRAN incoming feasibility
Result: NOTE
Maintainer: ‘Olajumoke Evangelina Owokotomo <olajumoke.owokotomo@uhasselt.be>’
The BugReports field in DESCRIPTION has
https://github.com/OlajumokeEvangelina/MetabolicSurv/issues/new
which should likely be
https://github.com/OlajumokeEvangelina/MetabolicSurv/issues/new/issues
instead.
Flavors: r-devel-linux-x86_64-debian-clang, r-devel-linux-x86_64-debian-gcc
Version: 1.1.2
Check: Rd files
Result: NOTE
checkRd: (-1) CVLasoelacox.Rd:68-69: Lost braces in \itemize; \value handles \item{}{} directly
checkRd: (-1) CVLasoelacox.Rd:70-71: Lost braces in \itemize; \value handles \item{}{} directly
checkRd: (-1) CVLasoelacox.Rd:72: Lost braces in \itemize; \value handles \item{}{} directly
checkRd: (-1) CVLasoelacox.Rd:73: Lost braces in \itemize; \value handles \item{}{} directly
checkRd: (-1) CVLasoelacox.Rd:74-76: Lost braces in \itemize; \value handles \item{}{} directly
checkRd: (-1) CVLasoelacox.Rd:77-79: Lost braces in \itemize; \value handles \item{}{} directly
checkRd: (-1) CVLasoelacox.Rd:80-81: Lost braces in \itemize; \value handles \item{}{} directly
checkRd: (-1) CVLasoelacox.Rd:82-85: Lost braces in \itemize; \value handles \item{}{} directly
checkRd: (-1) CVLasoelacox.Rd:86-87: Lost braces in \itemize; \value handles \item{}{} directly
Flavors: r-devel-linux-x86_64-debian-clang, r-devel-linux-x86_64-debian-gcc, r-devel-linux-x86_64-fedora-clang, r-devel-linux-x86_64-fedora-gcc, r-devel-windows-x86_64, r-patched-linux-x86_64, r-release-linux-x86_64, r-release-macos-arm64, r-release-macos-x86_64, r-release-windows-x86_64, r-oldrel-macos-arm64, r-oldrel-macos-x86_64, r-oldrel-windows-x86_64
Version: 1.1.2
Check: examples
Result: NOTE
Examples with CPU (user + system) or elapsed time > 5s
user system elapsed
Lasoelacox 3.967 0.042 5.207
Flavor: r-devel-linux-x86_64-debian-clang