CRAN Package Check Results for Package MetricGraph

Last updated on 2025-04-29 16:52:38 CEST.

Flavor Version Tinstall Tcheck Ttotal Status Flags
r-devel-linux-x86_64-debian-clang 1.4.1 78.85 215.98 294.83 OK
r-devel-linux-x86_64-debian-gcc 1.4.1 63.53 162.80 226.33 OK
r-devel-linux-x86_64-fedora-clang 1.4.1 465.71 OK
r-devel-linux-x86_64-fedora-gcc 1.4.1 488.63 OK
r-devel-windows-x86_64 1.4.1 83.00 223.00 306.00 OK
r-patched-linux-x86_64 1.4.1 84.37 206.95 291.32 OK
r-release-linux-x86_64 1.4.1 84.27 205.40 289.67 OK
r-release-macos-arm64 1.4.1 126.00 OK
r-release-macos-x86_64 1.4.1 192.00 OK
r-release-windows-x86_64 1.4.1 83.00 216.00 299.00 OK
r-oldrel-macos-arm64 1.4.1 124.00 NOTE
r-oldrel-macos-x86_64 1.4.1 218.00 NOTE
r-oldrel-windows-x86_64 1.4.1 109.00 293.00 402.00 OK

Check Details

Version: 1.4.1
Check: package dependencies
Result: NOTE Package suggested but not available for checking: ‘INLA’ Flavors: r-oldrel-macos-arm64, r-oldrel-macos-x86_64

Version: 1.4.1
Check: installed package size
Result: NOTE installed size is 14.2Mb sub-directories of 1Mb or more: libs 12.6Mb Flavors: r-oldrel-macos-arm64, r-oldrel-macos-x86_64