Last updated on 2024-05-02 11:51:27 CEST.
Flavor | Version | Tinstall | Tcheck | Ttotal | Status | Flags |
---|---|---|---|---|---|---|
r-devel-linux-x86_64-debian-clang | 0.1.0 | 9.55 | 107.14 | 116.69 | OK | |
r-devel-linux-x86_64-debian-gcc | 0.1.0 | 7.48 | 75.28 | 82.76 | OK | |
r-devel-linux-x86_64-fedora-clang | 0.1.0 | 149.32 | OK | |||
r-devel-linux-x86_64-fedora-gcc | 0.1.0 | 148.32 | OK | |||
r-devel-windows-x86_64 | 0.1.0 | 10.00 | 114.00 | 124.00 | OK | |
r-patched-linux-x86_64 | 0.1.0 | 13.28 | 100.73 | 114.01 | OK | |
r-release-linux-x86_64 | 0.1.0 | 6.68 | 99.15 | 105.83 | OK | |
r-release-macos-arm64 | 0.1.0 | 45.00 | OK | |||
r-release-macos-x86_64 | 0.1.0 | 78.00 | OK | |||
r-release-windows-x86_64 | 0.1.0 | 10.00 | 113.00 | 123.00 | OK | |
r-oldrel-macos-arm64 | 0.1.0 | 9.00 | ERROR | |||
r-oldrel-macos-x86_64 | 0.1.0 | 6.00 | ERROR | |||
r-oldrel-windows-x86_64 | 0.1.0 | 12.00 | 125.00 | 137.00 | OK |
Version: 0.1.0
Check: package dependencies
Result: ERROR
Package required but not available: ‘microbiome’
See section ‘The DESCRIPTION file’ in the ‘Writing R Extensions’
manual.
Flavors: r-oldrel-macos-arm64, r-oldrel-macos-x86_64