Last updated on 2025-04-30 08:53:03 CEST.
Flavor | Version | Tinstall | Tcheck | Ttotal | Status | Flags |
---|---|---|---|---|---|---|
r-devel-linux-x86_64-debian-clang | 1.0.0 | 14.51 | 203.86 | 218.37 | NOTE | |
r-devel-linux-x86_64-debian-gcc | 1.0.0 | 8.55 | 139.87 | 148.42 | NOTE | |
r-devel-linux-x86_64-fedora-clang | 1.0.0 | 333.56 | NOTE | |||
r-devel-linux-x86_64-fedora-gcc | 1.0.0 | 339.79 | NOTE | |||
r-devel-windows-x86_64 | 1.0.0 | 16.00 | 203.00 | 219.00 | OK | |
r-patched-linux-x86_64 | 1.0.0 | 14.38 | 198.56 | 212.94 | OK | |
r-release-linux-x86_64 | 1.0.0 | 13.66 | 198.16 | 211.82 | OK | |
r-release-macos-arm64 | 1.0.0 | 117.00 | OK | |||
r-release-macos-x86_64 | 1.0.0 | 194.00 | OK | |||
r-release-windows-x86_64 | 1.0.0 | 16.00 | 204.00 | 220.00 | OK | |
r-oldrel-macos-arm64 | 1.0.0 | 98.00 | NOTE | |||
r-oldrel-macos-x86_64 | 1.0.0 | 253.00 | NOTE | |||
r-oldrel-windows-x86_64 | 1.0.0 | 23.00 | 270.00 | 293.00 | NOTE |
Version: 1.0.0
Check: examples
Result: NOTE
Examples with CPU (user + system) or elapsed time > 5s
user system elapsed
compare_matching 10.154 0.253 13.718
compare_tables 9.512 0.083 12.905
get_tv_graph 9.412 0.094 12.417
get_pairdist_balance_graph 9.375 0.000 12.045
get_pairdist_graph 9.325 0.019 12.264
get_balance_table 9.268 0.008 11.296
matched_data 9.208 0.015 11.690
dist_bal_match 9.083 0.038 11.740
Flavor: r-devel-linux-x86_64-debian-clang
Version: 1.0.0
Check: examples
Result: NOTE
Examples with CPU (user + system) or elapsed time > 5s
user system elapsed
compare_matching 6.932 0.226 8.630
get_pairdist_balance_graph 6.852 0.012 8.511
get_pairdist_graph 6.559 0.017 7.604
compare_tables 6.374 0.129 7.916
get_tv_graph 6.391 0.074 7.455
get_balance_table 6.373 0.090 7.575
matched_data 6.285 0.004 7.068
dist_bal_match 6.102 0.082 7.223
Flavor: r-devel-linux-x86_64-debian-gcc
Version: 1.0.0
Check: dependencies in R code
Result: NOTE
Namespaces in Imports field not imported from:
‘RCurl’ ‘fields’ ‘optmatch’ ‘rcbalance’ ‘utils’
All declared Imports should be used.
Flavors: r-devel-linux-x86_64-fedora-clang, r-devel-linux-x86_64-fedora-gcc
Version: 1.0.0
Check: package dependencies
Result: NOTE
Package suggested but not available for checking: ‘rrelaxiv’
Flavors: r-oldrel-macos-arm64, r-oldrel-macos-x86_64, r-oldrel-windows-x86_64