Last updated on 2024-05-02 09:51:49 CEST.
Flavor | Version | Tinstall | Tcheck | Ttotal | Status | Flags |
---|---|---|---|---|---|---|
r-devel-linux-x86_64-debian-clang | 1.1.3 | 5.48 | 79.14 | 84.62 | OK | |
r-devel-linux-x86_64-debian-gcc | 1.1.3 | 6.79 | 58.19 | 64.98 | OK | |
r-devel-linux-x86_64-fedora-clang | 1.1.3 | 107.24 | NOTE | |||
r-devel-linux-x86_64-fedora-gcc | 1.1.3 | 121.91 | NOTE | |||
r-devel-windows-x86_64 | 1.1.3 | 8.00 | 74.00 | 82.00 | OK | |
r-patched-linux-x86_64 | 1.1.3 | 7.98 | 73.36 | 81.34 | OK | |
r-release-linux-x86_64 | 1.1.3 | 6.18 | 74.32 | 80.50 | OK | |
r-release-macos-arm64 | 1.1.3 | 39.00 | OK | |||
r-release-windows-x86_64 | 1.1.3 | 8.00 | 75.00 | 83.00 | OK | |
r-oldrel-macos-arm64 | 1.1.3 | 43.00 | OK | |||
r-oldrel-macos-x86_64 | 1.1.3 | 63.00 | OK | |||
r-oldrel-windows-x86_64 | 1.1.3 | 10.00 | 86.00 | 96.00 | OK |
Version: 1.1.3
Check: data for non-ASCII characters
Result: NOTE
Note: found 6 marked UTF-8 strings
Flavors: r-devel-linux-x86_64-fedora-clang, r-devel-linux-x86_64-fedora-gcc