Last updated on 2025-04-30 07:55:14 CEST.
Flavor | Version | Tinstall | Tcheck | Ttotal | Status | Flags |
---|---|---|---|---|---|---|
r-devel-linux-x86_64-debian-clang | 0.9.1 | 55.35 | 331.13 | 386.48 | OK | |
r-devel-linux-x86_64-debian-gcc | 0.9.1 | 37.72 | 201.54 | 239.26 | OK | |
r-devel-linux-x86_64-fedora-clang | 0.9.1 | 590.80 | OK | |||
r-devel-linux-x86_64-fedora-gcc | 0.9.1 | 590.51 | OK | |||
r-devel-windows-x86_64 | 0.9.1 | 55.00 | 260.00 | 315.00 | OK | |
r-patched-linux-x86_64 | 0.9.1 | 53.78 | 295.02 | 348.80 | OK | |
r-release-linux-x86_64 | 0.9.1 | 53.66 | 294.01 | 347.67 | OK | |
r-release-macos-arm64 | 0.9.1 | 163.00 | OK | |||
r-release-macos-x86_64 | 0.9.1 | 283.00 | OK | |||
r-release-windows-x86_64 | 0.9.1 | 55.00 | 264.00 | 319.00 | OK | |
r-oldrel-macos-arm64 | 0.9.1 | 128.00 | NOTE | |||
r-oldrel-macos-x86_64 | 0.9.1 | 324.00 | NOTE | |||
r-oldrel-windows-x86_64 | 0.9.1 | 69.00 | 378.00 | 447.00 | NOTE |
Version: 0.9.1
Check: installed package size
Result: NOTE
installed size is 7.6Mb
sub-directories of 1Mb or more:
doc 2.3Mb
help 2.0Mb
libs 2.3Mb
Flavors: r-oldrel-macos-arm64, r-oldrel-macos-x86_64, r-oldrel-windows-x86_64