Last updated on 2025-04-30 22:51:02 CEST.
Flavor | Version | Tinstall | Tcheck | Ttotal | Status | Flags |
---|---|---|---|---|---|---|
r-devel-linux-x86_64-debian-clang | 1.2.4 | 31.72 | 101.52 | 133.24 | NOTE | |
r-devel-linux-x86_64-debian-gcc | 1.2.4 | 21.54 | 71.96 | 93.50 | NOTE | |
r-devel-linux-x86_64-fedora-clang | 1.2.4 | 217.59 | NOTE | |||
r-devel-linux-x86_64-fedora-gcc | 1.2.4 | 214.04 | NOTE | |||
r-devel-windows-x86_64 | 1.2.4 | 41.00 | 123.00 | 164.00 | NOTE | |
r-patched-linux-x86_64 | 1.2.4 | 34.04 | 93.86 | 127.90 | NOTE | |
r-release-linux-x86_64 | 1.2.4 | 31.59 | 93.81 | 125.40 | NOTE | |
r-release-macos-arm64 | 1.2.4 | 92.00 | NOTE | |||
r-release-macos-x86_64 | 1.2.4 | 117.00 | NOTE | |||
r-release-windows-x86_64 | 1.2.4 | 40.00 | 122.00 | 162.00 | NOTE | |
r-oldrel-macos-arm64 | 1.2.4 | 68.00 | NOTE | |||
r-oldrel-macos-x86_64 | 1.2.4 | 142.00 | NOTE | |||
r-oldrel-windows-x86_64 | 1.2.4 | 43.00 | 161.00 | 204.00 | NOTE |
Version: 1.2.4
Check: CRAN incoming feasibility
Result: NOTE
Maintainer: ‘Fridolin Linder <fridolin.linder@gmail.com>’
Package CITATION file contains call(s) to old-style personList() or
as.personList(). Please use c() on person objects instead.
Package CITATION file contains call(s) to old-style citEntry(). Please
use bibentry() instead.
Found the following URLs which should use \doi (with the DOI name only):
File ‘policies.Rd’:
https://doi.org/10.7910/DVN/CVYSR7
Flavors: r-devel-linux-x86_64-debian-clang, r-devel-linux-x86_64-debian-gcc
Version: 1.2.4
Check: C++ specification
Result: NOTE
Specified C++11: please drop specification unless essential
Flavors: r-devel-linux-x86_64-debian-clang, r-devel-linux-x86_64-debian-gcc, r-devel-linux-x86_64-fedora-clang, r-devel-linux-x86_64-fedora-gcc, r-devel-windows-x86_64, r-patched-linux-x86_64, r-release-linux-x86_64, r-release-macos-arm64, r-release-macos-x86_64, r-release-windows-x86_64, r-oldrel-macos-arm64, r-oldrel-macos-x86_64, r-oldrel-windows-x86_64
Version: 1.2.4
Check: examples
Result: NOTE
Examples with CPU (user + system) or elapsed time > 5s
user system elapsed
plot.cascade 4.383 0.087 5.636
Flavor: r-devel-linux-x86_64-debian-clang