CRAN Package Check Results for Package NetworkRiskMeasures

Last updated on 2025-05-01 09:52:41 CEST.

Flavor Version Tinstall Tcheck Ttotal Status Flags
r-devel-linux-x86_64-debian-clang 0.1.4 10.76 89.25 100.01 NOTE
r-devel-linux-x86_64-debian-gcc 0.1.4 6.91 64.56 71.47 NOTE
r-devel-linux-x86_64-fedora-clang 0.1.4 146.96 OK
r-devel-linux-x86_64-fedora-gcc 0.1.4 152.07 OK
r-devel-windows-x86_64 0.1.4 10.00 95.00 105.00 NOTE
r-patched-linux-x86_64 0.1.4 8.50 82.65 91.15 NOTE
r-release-linux-x86_64 NOTE
r-release-macos-arm64 0.1.4 50.00 OK
r-release-macos-x86_64 0.1.4 104.00 OK
r-release-windows-x86_64 0.1.4 11.00 96.00 107.00 NOTE
r-oldrel-macos-arm64 0.1.4 48.00 OK
r-oldrel-macos-x86_64 0.1.4 109.00 OK
r-oldrel-windows-x86_64 0.1.4 13.00 117.00 130.00 OK

Check Details

Version: 0.1.4
Check: CRAN incoming feasibility
Result: NOTE Maintainer: ‘Carlos Cinelli <carloscinelli@hotmail.com>’ No Authors@R field in DESCRIPTION. Please add one, modifying Authors@R: c(person(given = "Carlos", family = "Cinelli", role = c("aut", "cre"), email = "carloscinelli@hotmail.com"), person(given = c("Thiago", "Cristiano"), family = "Silva", role = "aut", email = "thiagochris@gmail.com")) as necessary. Flavors: r-devel-linux-x86_64-debian-clang, r-devel-linux-x86_64-debian-gcc

Version: 0.1.4
Check: Rd cross-references
Result: NOTE Found the following Rd file(s) with Rd \link{} targets missing package anchors: communicability_matrix.Rd: expm, dgeMatrix-class contagion.Rd: Matrix criticality.Rd: Matrix impact_susceptibility.Rd: Matrix, expm, dgeMatrix-class risk_matrix.Rd: Matrix Please provide package anchors for all Rd \link{} targets not in the package itself and the base packages. Flavors: r-devel-linux-x86_64-debian-clang, r-devel-linux-x86_64-debian-gcc, r-devel-windows-x86_64, r-patched-linux-x86_64, r-release-linux-x86_64, r-release-windows-x86_64

Version: 0.1.4
Check: examples
Result: NOTE Examples with CPU (user + system) or elapsed time > 5s user system elapsed contagion 4.431 0.258 6.368 Flavor: r-devel-linux-x86_64-debian-clang