Last updated on 2025-05-01 09:52:41 CEST.
Flavor | Version | Tinstall | Tcheck | Ttotal | Status | Flags |
---|---|---|---|---|---|---|
r-devel-linux-x86_64-debian-clang | 0.1.0 | 10.24 | 80.84 | 91.08 | NOTE | |
r-devel-linux-x86_64-debian-gcc | 0.1.0 | 7.03 | 59.28 | 66.31 | NOTE | |
r-devel-linux-x86_64-fedora-clang | 0.1.0 | 140.16 | OK | |||
r-devel-linux-x86_64-fedora-gcc | 0.1.0 | 123.36 | OK | |||
r-devel-windows-x86_64 | 0.1.0 | 11.00 | 84.00 | 95.00 | OK | |
r-patched-linux-x86_64 | 0.1.0 | 9.38 | 75.40 | 84.78 | OK | |
r-release-linux-x86_64 | OK | |||||
r-release-macos-arm64 | 0.1.0 | 38.00 | OK | |||
r-release-macos-x86_64 | 0.1.0 | 112.00 | OK | |||
r-release-windows-x86_64 | 0.1.0 | 10.00 | 84.00 | 94.00 | OK | |
r-oldrel-macos-arm64 | 0.1.0 | 39.00 | OK | |||
r-oldrel-macos-x86_64 | 0.1.0 | 55.00 | OK | |||
r-oldrel-windows-x86_64 | 0.1.0 | 14.00 | 103.00 | 117.00 | OK |
Version: 0.1.0
Check: CRAN incoming feasibility
Result: NOTE
Maintainer: ‘Christopher Casement <casementc@gmail.com>’
Package CITATION file contains call(s) to old-style personList() or
as.personList(). Please use c() on person objects instead.
Package CITATION file contains call(s) to old-style citEntry(). Please
use bibentry() instead.
Flavors: r-devel-linux-x86_64-debian-clang, r-devel-linux-x86_64-debian-gcc