CRAN Package Check Results for Package NumericEnsembles

Last updated on 2025-04-30 22:51:02 CEST.

Flavor Version Tinstall Tcheck Ttotal Status Flags
r-devel-linux-x86_64-debian-clang 0.7.0 105.21 180.39 285.60 OK
r-devel-linux-x86_64-debian-gcc 0.7.0 71.75 121.06 192.81 OK
r-devel-linux-x86_64-fedora-clang 0.7.0 505.83 OK
r-devel-linux-x86_64-fedora-gcc 0.7.0 518.23 OK
r-devel-windows-x86_64 0.7.0 82.00 149.00 231.00 OK
r-patched-linux-x86_64 0.7.0 102.76 166.74 269.50 OK
r-release-linux-x86_64 0.7.0 101.69 165.01 266.70 OK
r-release-macos-arm64 0.7.0 93.00 OK
r-release-macos-x86_64 0.7.0 204.00 OK
r-release-windows-x86_64 0.7.0 83.00 152.00 235.00 OK
r-oldrel-macos-arm64 0.7.0 123.00 NOTE
r-oldrel-macos-x86_64 0.7.0 225.00 NOTE
r-oldrel-windows-x86_64 0.7.0 132.00 207.00 339.00 NOTE

Check Details

Version: 0.7.0
Check: package dependencies
Result: NOTE Depends: includes the non-default packages: 'Cubist', 'Metrics', 'arm', 'brnn', 'broom', 'car', 'caret', 'corrplot', 'doParallel', 'dplyr', 'e1071', 'earth', 'gam', 'gbm', 'ggplot2', 'glmnet', 'gridExtra', 'ipred', 'leaps', 'nnet', 'parallel', 'pls', 'purrr', 'randomForest', 'reactable', 'reactablefmtr', 'readr', 'rpart', 'tidyr', 'tree', 'xgboost' Adding so many packages to the search path is excessive and importing selectively is preferable. Flavors: r-oldrel-macos-arm64, r-oldrel-macos-x86_64, r-oldrel-windows-x86_64