CRAN Package Check Results for Package ODEnetwork

Last updated on 2025-02-04 15:49:19 CET.

Flavor Version Tinstall Tcheck Ttotal Status Flags
r-devel-linux-x86_64-debian-clang 1.3.2 2.51 31.96 34.47 NOTE
r-devel-linux-x86_64-debian-gcc 1.3.2 2.20 24.59 26.79 NOTE
r-devel-linux-x86_64-fedora-clang 1.3.2 60.48 OK
r-devel-linux-x86_64-fedora-gcc 1.3.2 68.14 OK
r-devel-windows-x86_64 1.3.2 4.00 53.00 57.00 NOTE
r-patched-linux-x86_64 1.3.2 5.43 30.21 35.64 NOTE
r-release-linux-x86_64 1.3.2 2.95 30.44 33.39 NOTE
r-release-macos-arm64 1.3.2 26.00 NOTE
r-release-macos-x86_64 1.3.2 37.00 NOTE
r-release-windows-x86_64 1.3.2 4.00 53.00 57.00 NOTE
r-oldrel-macos-arm64 1.3.2 26.00 NOTE
r-oldrel-macos-x86_64 1.3.2 33.00 NOTE
r-oldrel-windows-x86_64 1.3.2 5.00 57.00 62.00 NOTE

Check Details

Version: 1.3.2
Check: Rd cross-references
Result: NOTE Found the following Rd file(s) with Rd \link{} targets missing package anchors: getResult.Rd: deSolve setEvents.Rd: events Please provide package anchors for all Rd \link{} targets not in the package itself and the base packages. Flavors: r-devel-linux-x86_64-debian-clang, r-devel-linux-x86_64-debian-gcc, r-devel-windows-x86_64

Version: 1.3.2
Check: LazyData
Result: NOTE 'LazyData' is specified without a 'data' directory Flavors: r-patched-linux-x86_64, r-release-linux-x86_64, r-release-macos-arm64, r-release-macos-x86_64, r-release-windows-x86_64, r-oldrel-macos-arm64, r-oldrel-macos-x86_64, r-oldrel-windows-x86_64