Last updated on 2024-05-02 08:57:51 CEST.
Flavor | Version | Tinstall | Tcheck | Ttotal | Status | Flags |
---|---|---|---|---|---|---|
r-devel-linux-x86_64-debian-clang | 0.1.2 | 8.14 | 87.71 | 95.85 | OK | |
r-devel-linux-x86_64-debian-gcc | 0.1.2 | 6.83 | 65.15 | 71.98 | OK | |
r-devel-linux-x86_64-fedora-clang | 0.1.2 | 128.83 | OK | |||
r-devel-linux-x86_64-fedora-gcc | 0.1.2 | 126.48 | OK | |||
r-devel-windows-x86_64 | 0.1.2 | 10.00 | 76.00 | 86.00 | OK | |
r-patched-linux-x86_64 | 0.1.2 | 5.10 | 84.55 | 89.65 | OK | |
r-release-linux-x86_64 | 0.1.2 | 5.54 | 83.99 | 89.53 | OK | |
r-release-macos-arm64 | 0.1.2 | 47.00 | OK | |||
r-release-macos-x86_64 | 0.1.2 | 77.00 | OK | |||
r-release-windows-x86_64 | 0.1.2 | 8.00 | 78.00 | 86.00 | OK | |
r-oldrel-macos-arm64 | 0.1.2 | 6.00 | ERROR | |||
r-oldrel-macos-x86_64 | 0.1.2 | 68.00 | OK | |||
r-oldrel-windows-x86_64 | 0.1.2 | 11.00 | 87.00 | 98.00 | OK |
Version: 0.1.2
Check: whether package can be installed
Result: ERROR
Installation failed.
Flavor: r-oldrel-macos-arm64