Last updated on 2025-02-05 07:50:21 CET.
Flavor | Version | Tinstall | Tcheck | Ttotal | Status | Flags |
---|---|---|---|---|---|---|
r-devel-linux-x86_64-debian-clang | 2.74.1 | 20.20 | 83.17 | 103.37 | OK | |
r-devel-linux-x86_64-debian-gcc | 2.74.1 | 15.33 | 56.61 | 71.94 | OK | |
r-devel-linux-x86_64-fedora-clang | 2.74.1 | 179.62 | OK | |||
r-devel-linux-x86_64-fedora-gcc | 2.74.1 | 177.81 | OK | |||
r-devel-windows-x86_64 | 2.74.1 | 27.00 | 130.00 | 157.00 | OK | |
r-patched-linux-x86_64 | 2.74.1 | 23.79 | 78.82 | 102.61 | OK | |
r-release-linux-x86_64 | 2.74.1 | 20.89 | 77.54 | 98.43 | OK | |
r-release-macos-arm64 | 2.74.1 | 52.00 | NOTE | |||
r-release-macos-x86_64 | 2.74.1 | 151.00 | NOTE | |||
r-release-windows-x86_64 | 2.74.1 | 27.00 | 128.00 | 155.00 | NOTE | |
r-oldrel-macos-arm64 | 2.74.1 | 78.00 | NOTE | |||
r-oldrel-macos-x86_64 | 2.74.1 | 128.00 | NOTE | |||
r-oldrel-windows-x86_64 | 2.74.1 | 30.00 | 154.00 | 184.00 | NOTE |
Version: 2.74.1
Check: installed package size
Result: NOTE
installed size is 6.8Mb
sub-directories of 1Mb or more:
data 2.7Mb
doc 1.2Mb
libs 1.4Mb
Flavors: r-release-macos-arm64, r-release-macos-x86_64, r-release-windows-x86_64, r-oldrel-macos-arm64, r-oldrel-macos-x86_64, r-oldrel-windows-x86_64