Last updated on 2024-05-02 06:11:57 CEST.
Flavor | Version | Tinstall | Tcheck | Ttotal | Status | Flags |
---|---|---|---|---|---|---|
r-devel-linux-x86_64-debian-clang | 0.1-4 | 45.07 | 85.51 | 130.58 | NOTE | |
r-devel-linux-x86_64-debian-gcc | 0.1-4 | 35.04 | 62.57 | 97.61 | NOTE | |
r-devel-linux-x86_64-fedora-clang | 0.1-4 | 174.34 | NOTE | |||
r-devel-linux-x86_64-fedora-gcc | 0.1-4 | 172.69 | NOTE | |||
r-devel-windows-x86_64 | 0.1-4 | 38.00 | 93.00 | 131.00 | NOTE | |
r-patched-linux-x86_64 | 0.1-4 | 49.62 | 80.42 | 130.04 | NOTE | |
r-release-linux-x86_64 | 0.1-4 | 45.57 | 80.54 | 126.11 | NOTE | |
r-release-macos-arm64 | 0.1-4 | 45.00 | NOTE | |||
r-release-windows-x86_64 | 0.1-4 | 38.00 | 98.00 | 136.00 | NOTE | |
r-oldrel-macos-arm64 | 0.1-4 | 55.00 | NOTE | |||
r-oldrel-macos-x86_64 | 0.1-4 | 88.00 | NOTE | |||
r-oldrel-windows-x86_64 | 0.1-4 | 47.00 | 117.00 | 164.00 | NOTE |
Version: 0.1-4
Check: C++ specification
Result: NOTE
Specified C++11: please drop specification unless essential
Flavors: r-devel-linux-x86_64-debian-clang, r-devel-linux-x86_64-debian-gcc, r-devel-linux-x86_64-fedora-clang, r-devel-linux-x86_64-fedora-gcc, r-devel-windows-x86_64, r-patched-linux-x86_64, r-release-linux-x86_64, r-release-macos-arm64, r-release-windows-x86_64, r-oldrel-macos-arm64, r-oldrel-macos-x86_64, r-oldrel-windows-x86_64