Last updated on 2025-04-30 00:49:54 CEST.
Flavor | Version | Tinstall | Tcheck | Ttotal | Status | Flags |
---|---|---|---|---|---|---|
r-devel-linux-x86_64-debian-clang | 1.1 | 3.44 | 113.45 | 116.89 | NOTE | |
r-devel-linux-x86_64-debian-gcc | 1.1 | 2.55 | 75.14 | 77.69 | NOTE | |
r-devel-linux-x86_64-fedora-clang | 1.1 | 196.71 | NOTE | |||
r-devel-linux-x86_64-fedora-gcc | 1.1 | 194.81 | NOTE | |||
r-devel-windows-x86_64 | 1.1 | 6.00 | 123.00 | 129.00 | NOTE | |
r-patched-linux-x86_64 | 1.1 | 4.84 | 108.02 | 112.86 | NOTE | |
r-release-linux-x86_64 | 1.1 | 3.68 | 108.15 | 111.83 | NOTE | |
r-release-macos-arm64 | 1.1 | 66.00 | NOTE | |||
r-release-macos-x86_64 | 1.1 | 139.00 | NOTE | |||
r-release-windows-x86_64 | 1.1 | 6.00 | 122.00 | 128.00 | NOTE | |
r-oldrel-macos-arm64 | 1.1 | 67.00 | OK | |||
r-oldrel-macos-x86_64 | 1.1 | 177.00 | OK | |||
r-oldrel-windows-x86_64 | 1.1 | 6.00 | 158.00 | 164.00 | OK |
Version: 1.1
Check: DESCRIPTION meta-information
Result: NOTE
Missing dependency on R >= 4.1.0 because package code uses the pipe
|> or function shorthand \(...) syntax added in R 4.1.0.
File(s) using such syntax:
‘plot_station_step.R’
Flavors: r-devel-linux-x86_64-debian-clang, r-devel-linux-x86_64-debian-gcc, r-devel-linux-x86_64-fedora-clang, r-devel-linux-x86_64-fedora-gcc, r-devel-windows-x86_64, r-patched-linux-x86_64, r-release-linux-x86_64, r-release-macos-arm64, r-release-macos-x86_64, r-release-windows-x86_64
Version: 1.1
Check: examples
Result: NOTE
Examples with CPU (user + system) or elapsed time > 5s
user system elapsed
phenology 8.048 0.274 10.185
phenthau 6.191 0.072 8.269
plot_station_step 5.790 0.035 7.576
Flavor: r-devel-linux-x86_64-debian-clang
Version: 1.1
Check: examples
Result: NOTE
Examples with CPU (user + system) or elapsed time > 5s
user system elapsed
phenology 4.433 0.164 6.149
Flavor: r-devel-linux-x86_64-debian-gcc