CRAN Package Check Results for Package PKbioanalysis

Last updated on 2025-04-30 07:55:16 CEST.

Flavor Version Tinstall Tcheck Ttotal Status Flags
r-devel-linux-x86_64-debian-clang 0.2.0 10.55 130.92 141.47 NOTE
r-devel-linux-x86_64-debian-gcc 0.2.0 7.65 89.57 97.22 NOTE
r-devel-linux-x86_64-fedora-clang 0.2.0 225.90 NOTE
r-devel-linux-x86_64-fedora-gcc 0.2.0 236.45 NOTE
r-devel-windows-x86_64 0.2.0 12.00 126.00 138.00 NOTE
r-patched-linux-x86_64 0.2.0 10.23 121.65 131.88 NOTE
r-release-linux-x86_64 0.2.0 10.14 121.90 132.04 NOTE
r-release-macos-arm64 0.2.0 63.00 NOTE
r-release-macos-x86_64 0.2.0 126.00 OK
r-release-windows-x86_64 0.2.0 14.00 125.00 139.00 NOTE
r-oldrel-macos-arm64 0.2.0 62.00 OK
r-oldrel-macos-x86_64 0.2.0 109.00 OK
r-oldrel-windows-x86_64 0.2.0 15.00 162.00 177.00 OK

Check Details

Version: 0.2.0
Check: DESCRIPTION meta-information
Result: NOTE Missing dependency on R >= 4.3.0 because package code uses the pipe placeholder at the head of a chain of extractions syntax added in R 4.3.0. File(s) using such syntax: ‘plate.R’ Flavors: r-devel-linux-x86_64-debian-clang, r-devel-linux-x86_64-debian-gcc, r-devel-linux-x86_64-fedora-clang, r-devel-linux-x86_64-fedora-gcc, r-devel-windows-x86_64, r-patched-linux-x86_64, r-release-linux-x86_64, r-release-macos-arm64, r-release-windows-x86_64