CRAN Package Check Results for Package PLFD

Last updated on 2025-01-27 02:50:01 CET.

Flavor Version Tinstall Tcheck Ttotal Status Flags
r-devel-linux-x86_64-debian-clang 0.2.0 21.35 52.48 73.83 NOTE
r-devel-linux-x86_64-debian-gcc 0.2.0 15.51 36.63 52.14 NOTE
r-devel-linux-x86_64-fedora-clang 0.2.0 137.12 NOTE
r-devel-linux-x86_64-fedora-gcc 0.2.0 138.74 NOTE
r-devel-windows-x86_64 0.2.0 25.00 92.00 117.00 NOTE
r-patched-linux-x86_64 0.2.0 20.80 47.64 68.44 NOTE
r-release-linux-x86_64 0.2.0 21.59 47.91 69.50 NOTE
r-release-macos-arm64 0.2.0 47.00 NOTE
r-release-macos-x86_64 0.2.0 61.00 NOTE
r-release-windows-x86_64 0.2.0 24.00 88.00 112.00 NOTE
r-oldrel-macos-arm64 0.2.0 54.00 NOTE
r-oldrel-macos-x86_64 0.2.0 75.00 NOTE
r-oldrel-windows-x86_64 0.2.0 28.00 101.00 129.00 NOTE

Check Details

Version: 0.2.0
Check: C++ specification
Result: NOTE Specified C++11: please drop specification unless essential Flavors: r-devel-linux-x86_64-debian-clang, r-devel-linux-x86_64-debian-gcc, r-devel-linux-x86_64-fedora-clang, r-devel-linux-x86_64-fedora-gcc, r-devel-windows-x86_64, r-patched-linux-x86_64, r-release-linux-x86_64, r-release-macos-arm64, r-release-macos-x86_64, r-release-windows-x86_64, r-oldrel-macos-arm64, r-oldrel-macos-x86_64, r-oldrel-windows-x86_64