CRAN Package Check Results for Package PLordprob

Last updated on 2025-02-05 10:48:30 CET.

Flavor Version Tinstall Tcheck Ttotal Status Flags
r-devel-linux-x86_64-debian-clang 1.1 4.37 19.19 23.56 NOTE
r-devel-linux-x86_64-debian-gcc 1.1 2.90 16.07 18.97 NOTE
r-devel-linux-x86_64-fedora-clang 1.1 38.91 NOTE
r-devel-linux-x86_64-fedora-gcc 1.1 36.15 NOTE
r-devel-windows-x86_64 1.1 8.00 43.00 51.00 NOTE
r-patched-linux-x86_64 1.1 3.73 18.34 22.07 NOTE
r-release-linux-x86_64 1.1 3.55 18.35 21.90 NOTE
r-release-macos-arm64 1.1 19.00 NOTE
r-release-macos-x86_64 1.1 24.00 NOTE
r-release-windows-x86_64 1.1 6.00 42.00 48.00 NOTE
r-oldrel-macos-arm64 1.1 18.00 OK
r-oldrel-macos-x86_64 1.1 24.00 OK
r-oldrel-windows-x86_64 1.1 8.00 43.00 51.00 OK

Check Details

Version: 1.1
Check: Rd files
Result: NOTE checkRd: (-1) delta2a.Rd:21: Lost braces; missing escapes or markup? 21 | delta_k = log(a_k - a_{k+1}) | ^ checkRd: (-1) ordprob.mple.Rd:29: Lost braces 29 | logical. If code{TRUE} all the q variable are assumed to have the same mean. | ^ Flavors: r-devel-linux-x86_64-debian-clang, r-devel-linux-x86_64-debian-gcc, r-devel-linux-x86_64-fedora-clang, r-devel-linux-x86_64-fedora-gcc, r-devel-windows-x86_64, r-patched-linux-x86_64, r-release-linux-x86_64, r-release-macos-arm64, r-release-macos-x86_64, r-release-windows-x86_64