Last updated on 2024-07-27 16:49:16 CEST.
Flavor | Version | Tinstall | Tcheck | Ttotal | Status | Flags |
---|---|---|---|---|---|---|
r-devel-linux-x86_64-debian-clang | 0.19-5 | 11.41 | 123.40 | 134.81 | OK | |
r-devel-linux-x86_64-debian-gcc | 0.19-5 | OK | ||||
r-devel-linux-x86_64-fedora-clang | 0.19-5 | 172.78 | OK | |||
r-devel-linux-x86_64-fedora-gcc | 0.19-5 | 170.36 | OK | |||
r-devel-windows-x86_64 | 0.19-5 | 18.00 | 170.00 | 188.00 | OK | |
r-patched-linux-x86_64 | 0.19-5 | OK | ||||
r-release-linux-x86_64 | 0.19-3 | 12.21 | 115.12 | 127.33 | OK | |
r-release-macos-arm64 | 0.19-5 | 73.00 | OK | |||
r-release-macos-x86_64 | 0.19-5 | 218.00 | OK | |||
r-release-windows-x86_64 | 0.19-5 | 17.00 | 172.00 | 189.00 | OK | |
r-oldrel-macos-arm64 | 0.19-5 | 71.00 | OK | |||
r-oldrel-macos-x86_64 | 0.19-5 | 207.00 | OK | |||
r-oldrel-windows-x86_64 | 0.19-5 | 14.00 | 36962.00 | 36976.00 | ERROR |
Version: 0.19-5
Check: re-building of vignette outputs
Result: ERROR
Error(s) in re-building vignettes:
--- re-building 'An_overview_of_PMwR.Rnw' using Sweave
Attaching package: 'zoo'
The following objects are masked from 'package:base':
as.Date, as.Date.numeric
Loading required namespace: tinytest
--- finished re-building 'An_overview_of_PMwR.Rnw'
--- re-building 'Computing_returns.Rnw' using Sweave
Attaching package: 'zoo'
The following objects are masked from 'package:base':
as.Date, as.Date.numeric
--- finished re-building 'Computing_returns.Rnw'
--- re-building 'Drawdowns_streaks.Rnw' using Sweave
Attaching package: 'zoo'
The following objects are masked from 'package:base':
as.Date, as.Date.numeric
--- finished re-building 'Drawdowns_streaks.Rnw'
--- re-building 'FinTeX.Rnw' using Sweave
Attaching package: 'zoo'
The following objects are masked from 'package:base':
as.Date, as.Date.numeric
--- finished re-building 'FinTeX.Rnw'
--- re-building 'pl_open_positions.Rnw' using Sweave
'sum(amount)' is not zero: specify 'vprice' to compute P/L.
average sell includes 'vprice'.
--- finished re-building 'pl_open_positions.Rnw'
--- re-building 'q32.Rnw' using Sweave
Loading required package: PMwR
Warning in system(paste(shQuote(texi2dvi), if (quiet) "--quiet" else "", :
running command '"C:\PROGRA~1\MiKTeX\miktex\bin\x64\texify.exe" --quiet --pdf "q32.tex" --max-iterations=20 -I "D:/RCompile/recent/R-4.3.3/share/texmf/tex/latex" -I "D:/RCompile/recent/R-4.3.3/share/texmf/bibtex/bst"' had status 1
Error: processing vignette 'q32.Rnw' failed with diagnostics:
Failed to locate 'texi2pdf' output file 'q32.pdf' for vignette with name 'q32' and engine 'utils::Sweave'. The following files exist in working directory 'D:\RCompile\CRANpkg\local\4.3\PMwR.Rcheck\vign_test\PMwR\vignettes': 'An_overview_of_PMwR.Rnw' (7204 bytes), 'An_overview_of_PMwR.aux' (554 bytes), 'An_overview_of_PMwR.log' (22121 bytes), 'An_overview_of_PMwR.out' (0 bytes), 'An_overview_of_PMwR.pdf' (143555 bytes), 'An_overview_of_PMwR.tex' (6885 bytes), 'Computing_returns.Rnw' (3863 bytes), 'Computing_returns.aux' (554 bytes), 'Computing_returns.log' (21083 bytes), 'Computing_returns.out' (0 bytes), 'Computing_returns.pdf' (88396 bytes), 'Computing_returns.tex' (6276 bytes), 'Drawdowns_streaks-004.eps' (13407 bytes), 'Drawdowns_streaks-004.pdf' (7164 bytes), 'Drawdowns_streaks-006.eps' (13689 bytes), 'Drawdowns_streaks-006.pdf' (7320 bytes), 'Drawdowns_streaks.Rnw' (3339 bytes), 'Drawdowns_streaks.aux' (554 bytes), 'Drawdowns_streaks.log' (21011 bytes), 'Drawdowns_streaks.out' (0 bytes), 'Drawdowns_streaks.pdf' (124616 bytes), 'Drawdowns_streaks.tex' (3806 bytes), 'FinTeX.Rnw' (5610 bytes), 'FinTeX.aux' (621 bytes), 'FinTeX.log' (40424 bytes), 'FinTeX.out' (0 bytes), 'FinTeX.pdf' (218986 bytes), 'FinTeX.tex' (384054 bytes), 'pl_open_positions.Rnw' (3219 bytes), 'pl_open_positions.aux' (784 bytes), 'pl_open_positions.log' (27479 bytes), 'pl_open_positions.out' (220 bytes), 'pl_open_positions.pdf' (162220 bytes), 'pl_open_positions.tex' (4895 bytes), 'q32.Rnw' (2022 bytes), 'q32.tex' (2184 bytes)
--- failed re-building 'q32.Rnw'
SUMMARY: processing the following file failed:
'q32.Rnw'
Error: Vignette re-building failed.
Execution halted
Flavor: r-oldrel-windows-x86_64