CRAN Package Check Results for Package POSSA

Last updated on 2024-07-22 18:52:29 CEST.

Flavor Version Tinstall Tcheck Ttotal Status Flags
r-devel-linux-x86_64-debian-clang 0.6.4 4.29 77.96 82.25 OK
r-devel-linux-x86_64-debian-gcc 0.6.4 3.67 63.50 67.17 NOTE
r-devel-linux-x86_64-fedora-clang 0.6.4 119.46 OK
r-devel-linux-x86_64-fedora-gcc 0.6.4 123.98 OK
r-devel-windows-x86_64 0.6.4 5.00 76.00 81.00 NOTE
r-patched-linux-x86_64 0.6.4 6.40 80.75 87.15 OK
r-release-linux-x86_64 0.6.4 3.82 80.50 84.32 OK
r-release-macos-arm64 0.6.4 45.00 OK
r-release-macos-x86_64 0.6.4 56.00 OK
r-release-windows-x86_64 0.6.4 6.00 74.00 80.00 OK
r-oldrel-macos-arm64 0.6.4 52.00 OK
r-oldrel-macos-x86_64 0.6.4 121.00 OK
r-oldrel-windows-x86_64 0.6.4 6.00 88.00 94.00 OK

Check Details

Version: 0.6.4
Check: Rd cross-references
Result: NOTE Found the following Rd file(s) with Rd \link{} targets missing package anchors: pow.Rd: data.table Please provide package anchors for all Rd \link{} targets not in the package itself and the base packages. Flavors: r-devel-linux-x86_64-debian-gcc, r-devel-windows-x86_64