Last updated on 2023-11-28 08:56:35 CET.
Flavor | Version | Tinstall | Tcheck | Ttotal | Status | Flags |
---|---|---|---|---|---|---|
r-devel-linux-x86_64-debian-clang | 2.1.7 | 45.50 | 235.50 | 281.00 | NOTE | |
r-devel-linux-x86_64-debian-gcc | 2.1.7 | 36.02 | 169.39 | 205.41 | NOTE | |
r-devel-linux-x86_64-fedora-clang | 2.1.7 | 338.10 | NOTE | |||
r-devel-linux-x86_64-fedora-gcc | 2.1.7 | 345.45 | NOTE | |||
r-devel-windows-x86_64 | 2.1.7 | 39.00 | 197.00 | 236.00 | NOTE | |
r-patched-linux-x86_64 | 2.1.7 | 43.46 | 220.67 | 264.13 | NOTE | |
r-release-linux-x86_64 | 2.1.7 | 41.75 | 220.88 | 262.63 | NOTE | |
r-release-macos-arm64 | 2.1.7 | 108.00 | NOTE | |||
r-release-macos-x86_64 | 2.1.7 | 177.00 | NOTE | |||
r-release-windows-x86_64 | 2.1.7 | 50.00 | 254.00 | 304.00 | NOTE | |
r-oldrel-macos-arm64 | 2.1.7 | 92.00 | NOTE | |||
r-oldrel-macos-x86_64 | 2.1.7 | 166.00 | NOTE | |||
r-oldrel-windows-x86_64 | 2.1.7 | 50.00 | 239.00 | 289.00 | OK |
Version: 2.1.7
Check: C++ specification
Result: NOTE
Specified C++11: please drop specification unless essential
Flavors: r-devel-linux-x86_64-debian-clang, r-devel-linux-x86_64-debian-gcc, r-devel-linux-x86_64-fedora-clang, r-devel-linux-x86_64-fedora-gcc, r-devel-windows-x86_64, r-patched-linux-x86_64, r-release-linux-x86_64, r-release-macos-arm64, r-release-macos-x86_64, r-release-windows-x86_64
Version: 2.1.7
Check: Rd files
Result: NOTE
checkRd: (-1) summary.POUMM.Rd:28: Lost braces; missing escapes or markup?
28 | \item{stats}{a named list of functions of the form function(par) { number },
| ^
Flavors: r-devel-linux-x86_64-debian-clang, r-devel-linux-x86_64-debian-gcc
Version: 2.1.7
Check: installed package size
Result: NOTE
installed size is 7.8Mb
sub-directories of 1Mb or more:
libs 7.1Mb
Flavors: r-release-macos-arm64, r-release-macos-x86_64, r-oldrel-macos-arm64, r-oldrel-macos-x86_64