Last updated on 2025-02-05 07:50:22 CET.
Flavor | Version | Tinstall | Tcheck | Ttotal | Status | Flags |
---|---|---|---|---|---|---|
r-devel-linux-x86_64-debian-clang | 1.2.1 | 34.10 | 55.58 | 89.68 | NOTE | |
r-devel-linux-x86_64-debian-gcc | 1.2.1 | 26.45 | 42.17 | 68.62 | NOTE | |
r-devel-linux-x86_64-fedora-clang | 1.2.1 | 173.04 | NOTE | |||
r-devel-linux-x86_64-fedora-gcc | 1.2.1 | 157.73 | NOTE | |||
r-devel-windows-x86_64 | 1.2.1 | 39.00 | 91.00 | 130.00 | NOTE | |
r-patched-linux-x86_64 | 1.2.1 | 37.05 | 52.36 | 89.41 | NOTE | |
r-release-linux-x86_64 | 1.2.1 | 37.44 | 52.20 | 89.64 | NOTE | |
r-release-macos-arm64 | 1.2.1 | 44.00 | NOTE | |||
r-release-macos-x86_64 | 1.2.1 | 60.00 | NOTE | |||
r-release-windows-x86_64 | 1.2.1 | 38.00 | 89.00 | 127.00 | NOTE | |
r-oldrel-macos-arm64 | 1.2.1 | 53.00 | NOTE | |||
r-oldrel-macos-x86_64 | 1.2.1 | 84.00 | NOTE | |||
r-oldrel-windows-x86_64 | 1.2.1 | 45.00 | 109.00 | 154.00 | NOTE |
Version: 1.2.1
Check: C++ specification
Result: NOTE
Specified C++11: please drop specification unless essential
Flavors: r-devel-linux-x86_64-debian-clang, r-devel-linux-x86_64-debian-gcc, r-devel-linux-x86_64-fedora-clang, r-devel-linux-x86_64-fedora-gcc, r-devel-windows-x86_64, r-patched-linux-x86_64, r-release-linux-x86_64, r-release-macos-arm64, r-release-macos-x86_64, r-release-windows-x86_64, r-oldrel-macos-arm64, r-oldrel-macos-x86_64, r-oldrel-windows-x86_64