CRAN Package Check Results for Package PREPShiny

Last updated on 2024-06-13 10:49:05 CEST.

Flavor Version Tinstall Tcheck Ttotal Status Flags
r-devel-linux-x86_64-debian-clang 0.1.0 2.35 19.71 22.06 NOTE
r-devel-linux-x86_64-debian-gcc 0.1.0 0.28 1.56 1.84 ERROR
r-devel-linux-x86_64-fedora-clang 0.1.0 29.07 NOTE
r-devel-linux-x86_64-fedora-gcc 0.1.0 27.30 NOTE
r-devel-windows-x86_64 0.1.0 3.00 37.00 40.00 NOTE
r-patched-linux-x86_64 0.1.0 1.83 19.92 21.75 NOTE
r-release-linux-x86_64 0.1.0 2.14 20.09 22.23 NOTE
r-release-macos-arm64 0.1.0 14.00 NOTE
r-release-macos-x86_64 0.1.0 20.00 NOTE
r-release-windows-x86_64 0.1.0 4.00 37.00 41.00 NOTE
r-oldrel-macos-arm64 0.1.0 14.00 NOTE
r-oldrel-macos-x86_64 0.1.0 18.00 NOTE
r-oldrel-windows-x86_64 0.1.0 4.00 40.00 44.00 NOTE

Check Details

Version: 0.1.0
Check: LazyData
Result: NOTE 'LazyData' is specified without a 'data' directory Flavors: r-devel-linux-x86_64-debian-clang, r-devel-linux-x86_64-fedora-clang, r-devel-linux-x86_64-fedora-gcc, r-devel-windows-x86_64, r-patched-linux-x86_64, r-release-linux-x86_64, r-release-macos-arm64, r-release-macos-x86_64, r-release-windows-x86_64, r-oldrel-macos-arm64, r-oldrel-macos-x86_64, r-oldrel-windows-x86_64

Version: 0.1.0
Check: package dependencies
Result: ERROR Packages required but not available: 'psycho', 'dplyr' See section ‘The DESCRIPTION file’ in the ‘Writing R Extensions’ manual. Flavor: r-devel-linux-x86_64-debian-gcc

Version: 0.1.0
Check: dependencies in R code
Result: NOTE Namespaces in Imports field not imported from: ‘datasets’ ‘dplyr’ ‘psycho’ ‘shiny’ All declared Imports should be used. Flavors: r-devel-linux-x86_64-fedora-clang, r-devel-linux-x86_64-fedora-gcc