Last updated on 2023-11-30 01:53:40 CET.
Flavor | Version | Tinstall | Tcheck | Ttotal | Status | Flags |
---|---|---|---|---|---|---|
r-devel-linux-x86_64-debian-clang | 1.0.17 | 21.83 | 271.06 | 292.89 | OK | |
r-devel-linux-x86_64-debian-gcc | 1.0.17 | 16.55 | 201.33 | 217.88 | OK | |
r-devel-linux-x86_64-fedora-clang | 1.0.17 | 357.04 | NOTE | |||
r-devel-linux-x86_64-fedora-gcc | 1.0.17 | 378.87 | OK | |||
r-devel-windows-x86_64 | 1.0.17 | 18.00 | 230.00 | 248.00 | NOTE | |
r-patched-linux-x86_64 | 1.0.17 | 15.61 | 253.70 | 269.31 | OK | |
r-release-linux-x86_64 | 1.0.17 | 13.19 | 258.22 | 271.41 | OK | |
r-release-macos-arm64 | 1.0.17 | 97.00 | NOTE | |||
r-release-macos-x86_64 | 1.0.17 | 221.00 | NOTE | |||
r-release-windows-x86_64 | 1.0.17 | 26.00 | 282.00 | 308.00 | NOTE | |
r-oldrel-macos-arm64 | 1.0.17 | 126.00 | NOTE | |||
r-oldrel-macos-x86_64 | 1.0.17 | 156.00 | NOTE | |||
r-oldrel-windows-x86_64 | 1.0.17 | 26.00 | 272.00 | 298.00 | NOTE |
Version: 1.0.17
Check: installed package size
Result: NOTE
installed size is 7.8Mb
sub-directories of 1Mb or more:
doc 4.0Mb
examples 2.5Mb
Flavors: r-devel-linux-x86_64-fedora-clang, r-devel-windows-x86_64, r-release-macos-arm64, r-release-macos-x86_64, r-release-windows-x86_64, r-oldrel-macos-arm64, r-oldrel-macos-x86_64, r-oldrel-windows-x86_64