Last updated on 2025-02-09 22:50:16 CET.
Flavor | Version | Tinstall | Tcheck | Ttotal | Status | Flags |
---|---|---|---|---|---|---|
r-devel-linux-x86_64-debian-clang | 1.0.0 | 5.25 | 53.90 | 59.15 | OK | |
r-devel-linux-x86_64-debian-gcc | 1.0.0 | 4.41 | 41.03 | 45.44 | OK | |
r-devel-linux-x86_64-fedora-clang | 1.0.0 | 99.05 | OK | |||
r-devel-linux-x86_64-fedora-gcc | 1.0.0 | 90.07 | OK | |||
r-devel-windows-x86_64 | 1.0.0 | 7.00 | 71.00 | 78.00 | OK | |
r-patched-linux-x86_64 | 1.0.0 | 4.98 | 50.32 | 55.30 | NOTE | |
r-release-linux-x86_64 | 1.0.0 | 5.66 | 50.70 | 56.36 | NOTE | |
r-release-macos-arm64 | 1.0.0 | 30.00 | NOTE | |||
r-release-macos-x86_64 | 1.0.0 | 65.00 | NOTE | |||
r-release-windows-x86_64 | 1.0.0 | 7.00 | 73.00 | 80.00 | NOTE | |
r-oldrel-macos-arm64 | 1.0.0 | 34.00 | NOTE | |||
r-oldrel-macos-x86_64 | 1.0.0 | 50.00 | NOTE | |||
r-oldrel-windows-x86_64 | 1.0.0 | 6.00 | 83.00 | 89.00 | NOTE |
Version: 1.0.0
Check: LazyData
Result: NOTE
'LazyData' is specified without a 'data' directory
Flavors: r-patched-linux-x86_64, r-release-linux-x86_64, r-release-macos-arm64, r-release-macos-x86_64, r-release-windows-x86_64, r-oldrel-macos-arm64, r-oldrel-macos-x86_64, r-oldrel-windows-x86_64