CRAN Package Check Results for Package PoA

Last updated on 2024-06-13 10:49:05 CEST.

Flavor Version Tinstall Tcheck Ttotal Status Flags
r-devel-linux-x86_64-debian-clang 1.2.1 4.83 39.94 44.77 NOTE
r-devel-linux-x86_64-debian-gcc 1.2.1 0.24 1.69 1.93 ERROR
r-devel-linux-x86_64-fedora-clang 1.2.1 57.87 NOTE
r-devel-linux-x86_64-fedora-gcc 1.2.1 51.88 NOTE
r-devel-windows-x86_64 1.2.1 5.00 49.00 54.00 NOTE
r-patched-linux-x86_64 1.2.1 3.03 37.49 40.52 NOTE
r-release-linux-x86_64 1.2.1 2.80 38.42 41.22 NOTE
r-release-macos-arm64 1.2.1 20.00 NOTE
r-release-macos-x86_64 1.2.1 29.00 NOTE
r-release-windows-x86_64 1.2.1 5.00 50.00 55.00 NOTE
r-oldrel-macos-arm64 1.2.1 23.00 NOTE
r-oldrel-macos-x86_64 1.2.1 31.00 NOTE
r-oldrel-windows-x86_64 1.2.1 6.00 54.00 60.00 NOTE

Check Details

Version: 1.2.1
Check: LazyData
Result: NOTE 'LazyData' is specified without a 'data' directory Flavors: r-devel-linux-x86_64-debian-clang, r-devel-linux-x86_64-fedora-clang, r-devel-linux-x86_64-fedora-gcc, r-devel-windows-x86_64, r-patched-linux-x86_64, r-release-linux-x86_64, r-release-macos-arm64, r-release-macos-x86_64, r-release-windows-x86_64, r-oldrel-macos-arm64, r-oldrel-macos-x86_64, r-oldrel-windows-x86_64

Version: 1.2.1
Check: package dependencies
Result: ERROR Packages required but not available: 'dplyr', 'tibble', 'nloptr' See section ‘The DESCRIPTION file’ in the ‘Writing R Extensions’ manual. Flavor: r-devel-linux-x86_64-debian-gcc