CRAN Package Check Results for Package PoSI

Last updated on 2025-02-04 19:50:28 CET.

Flavor Version Tinstall Tcheck Ttotal Status Flags
r-devel-linux-x86_64-debian-clang 1.1 1.80 21.36 23.16 OK
r-devel-linux-x86_64-debian-gcc 1.1 1.53 16.27 17.80 OK
r-devel-linux-x86_64-fedora-clang 1.1 39.60 OK
r-devel-linux-x86_64-fedora-gcc 1.1 37.10 OK
r-devel-windows-x86_64 1.1 2.00 44.00 46.00 OK
r-patched-linux-x86_64 1.1 1.80 20.09 21.89 OK
r-release-linux-x86_64 1.1 1.69 20.54 22.23 OK
r-release-macos-arm64 1.1 21.00 OK
r-release-macos-x86_64 1.1 22.00 OK
r-release-windows-x86_64 1.1 2.00 0.00 2.00 FAIL
r-oldrel-macos-arm64 1.1 17.00 OK
r-oldrel-macos-x86_64 1.1 23.00 OK
r-oldrel-windows-x86_64 1.1 2.00 49.00 51.00 OK

Check Details

Version: 1.1
Check: PDF version of manual
Result: FAIL Check process probably crashed or hung up for 20 minutes ... killed Most likely this happened in the example checks (?), if not, ignore the following last lines of example output: > ##D ## 95% 3.635 4.750 4.436 > ##D ## 99% 4.129 5.066 4.972 > ## End(Not run) > > > # (*) Elapsed times were measured in R version 3.1.3, 32 bit, > # on a processor Intel(R) Core(TM), 2.9 GHz, under Windows 7. > # 2015/04/16 > > # (**) Elapsed times were measured in R version 4.0.2, 64 bit, > # on a processor Intel(R) Core(TM), 1.80 GHz, under Windows 10. > # 2020/10/26 > > > > ### * <FOOTER> > ### > cleanEx() > options(digits = 7L) > base::cat("Time elapsed: ", proc.time() - base::get("ptime", pos = 'CheckExEnv'),"\n") Time elapsed: 2.98 1.41 4.4 NA NA > grDevices::dev.off() null device 1 > ### > ### Local variables: *** > ### mode: outline-minor *** > ### outline-regexp: "\\(> \\)?### [*]+" *** > ### End: *** > quit('no') ======== End of example output (where/before crash/hang up occured ?) ======== Flavor: r-release-windows-x86_64