Last updated on 2025-04-30 14:51:43 CEST.
Flavor | Version | Tinstall | Tcheck | Ttotal | Status | Flags |
---|---|---|---|---|---|---|
r-devel-linux-x86_64-debian-clang | 0.1.7 | 3.41 | 44.62 | 48.03 | OK | |
r-devel-linux-x86_64-debian-gcc | 0.1.7 | 1.88 | 34.40 | 36.28 | NOTE | |
r-devel-linux-x86_64-fedora-clang | 0.1.7 | 71.45 | OK | |||
r-devel-linux-x86_64-fedora-gcc | 0.1.7 | 81.37 | OK | |||
r-devel-windows-x86_64 | 0.1.7 | 6.00 | 80.00 | 86.00 | OK | |
r-patched-linux-x86_64 | 0.1.7 | 3.10 | 41.56 | 44.66 | OK | |
r-release-linux-x86_64 | 0.1.7 | 2.94 | 41.28 | 44.22 | OK | |
r-release-macos-arm64 | 0.1.7 | 69.00 | OK | |||
r-release-macos-x86_64 | 0.1.7 | 66.00 | OK | |||
r-release-windows-x86_64 | 0.1.7 | 6.00 | 90.00 | 96.00 | OK | |
r-oldrel-macos-arm64 | 0.1.7 | 44.00 | OK | |||
r-oldrel-macos-x86_64 | 0.1.7 | 63.00 | OK | |||
r-oldrel-windows-x86_64 | 0.1.7 | 6.00 | 92.00 | 98.00 | OK |
Version: 0.1.7
Check: examples
Result: NOTE
Examples with CPU (user + system) or elapsed time > 5s
user system elapsed
Get 0.855 0.099 13.57
Flavor: r-devel-linux-x86_64-debian-gcc