Last updated on 2024-08-31 22:49:46 CEST.
Flavor | Version | Tinstall | Tcheck | Ttotal | Status | Flags |
---|---|---|---|---|---|---|
r-devel-linux-x86_64-debian-clang | 1.5 | 12.68 | 129.03 | 141.71 | OK | |
r-devel-linux-x86_64-debian-gcc | 1.5 | 8.13 | 88.17 | 96.30 | OK | |
r-devel-linux-x86_64-fedora-clang | 1.5 | 228.67 | OK | |||
r-devel-linux-x86_64-fedora-gcc | 1.5 | 247.42 | OK | |||
r-devel-windows-x86_64 | 1.5 | 14.00 | 178.00 | 192.00 | OK | |
r-patched-linux-x86_64 | 1.5 | 11.44 | 119.84 | 131.28 | OK | |
r-release-linux-x86_64 | 1.5 | 11.81 | 119.69 | 131.50 | OK | |
r-release-macos-arm64 | 1.5 | 76.00 | NOTE | |||
r-release-macos-x86_64 | 1.5 | 191.00 | NOTE | |||
r-release-windows-x86_64 | 1.5 | 14.00 | 178.00 | 192.00 | OK | |
r-oldrel-macos-arm64 | 1.5 | 92.00 | NOTE | |||
r-oldrel-macos-x86_64 | 1.5 | 180.00 | NOTE | |||
r-oldrel-windows-x86_64 | 1.5 | 18.00 | 192.00 | 210.00 | OK |
Version: 1.5
Check: installed package size
Result: NOTE
installed size is 5.6Mb
sub-directories of 1Mb or more:
data 4.1Mb
doc 1.1Mb
Flavors: r-release-macos-arm64, r-release-macos-x86_64, r-oldrel-macos-arm64, r-oldrel-macos-x86_64