CRAN Package Check Results for Package ProteoBayes

Last updated on 2025-04-29 15:50:25 CEST.

Flavor Version Tinstall Tcheck Ttotal Status Flags
r-devel-linux-x86_64-debian-clang 1.0.0 3.05 27.93 30.98 NOTE
r-devel-linux-x86_64-debian-gcc 1.0.0 1.80 22.23 24.03 NOTE
r-devel-linux-x86_64-fedora-clang 1.0.0 46.23 OK
r-devel-linux-x86_64-fedora-gcc 1.0.0 43.91 OK
r-devel-windows-x86_64 1.0.0 4.00 47.00 51.00 OK
r-patched-linux-x86_64 1.0.0 2.91 26.11 29.02 OK
r-release-linux-x86_64 1.0.0 2.93 25.49 28.42 OK
r-release-macos-arm64 1.0.0 20.00 OK
r-release-macos-x86_64 1.0.0 39.00 OK
r-release-windows-x86_64 1.0.0 5.00 46.00 51.00 OK
r-oldrel-macos-arm64 1.0.0 19.00 OK
r-oldrel-macos-x86_64 1.0.0 40.00 OK
r-oldrel-windows-x86_64 1.0.0 5.00 51.00 56.00 OK

Check Details

Version: 1.0.0
Check: CRAN incoming feasibility
Result: NOTE Maintainer: ‘Arthur Leroy <arthur.leroy.pro@gmail.com>’ The Description field contains <arXiv:2307.08975>. Please refer to arXiv e-prints via their arXiv DOI <doi:10.48550/arXiv.YYMM.NNNNN>. Flavors: r-devel-linux-x86_64-debian-clang, r-devel-linux-x86_64-debian-gcc