CRAN Package Check Results for Package PublicWorksFinanceIT

Last updated on 2024-06-24 19:55:26 CEST.

Flavor Version Tinstall Tcheck Ttotal Status Flags
r-devel-linux-x86_64-debian-clang 0.2.0 54.56 72.05 126.61 OK
r-devel-linux-x86_64-debian-gcc 0.2.0 52.80 50.95 103.75 ERROR
r-devel-linux-x86_64-fedora-clang 0.2.0 168.95 NOTE
r-devel-linux-x86_64-fedora-gcc 0.2.0 165.44 OK
r-devel-windows-x86_64 0.2.0 53.00 77.00 130.00 NOTE
r-patched-linux-x86_64 0.2.0 56.42 69.32 125.74 OK
r-release-linux-x86_64 0.2.0 43.74 71.21 114.95 OK
r-release-macos-arm64 0.2.0 88.00 NOTE
r-release-macos-x86_64 0.2.0 214.00 NOTE
r-release-windows-x86_64 0.2.0 56.00 78.00 134.00 NOTE
r-oldrel-macos-arm64 0.2.0 99.00 NOTE
r-oldrel-macos-x86_64 0.2.0 159.00 NOTE
r-oldrel-windows-x86_64 0.2.0 71.00 95.00 166.00 NOTE

Check Details

Version: 0.2.0
Check: examples
Result: ERROR Running examples in ‘PublicWorksFinanceIT-Ex.R’ failed The error most likely occurred in: > base::assign(".ptime", proc.time(), pos = "CheckExEnv") > ### Name: get_data_region_OC > ### Title: Retrieve data from the OpenCoesione data base per region. > ### Aliases: get_data_region_OC > > ### ** Examples > > dati_VDA <- get_data_region_OC("VDA", cod_mun = "007002") Warning in utils::download.file(url, destfile = dest_file, mode = "wb", : URL 'https://opencoesione.gov.it/it/opendata/regioni/progetti_esteso_VDA.zip': Timeout of 60 seconds was reached Error in utils::download.file(url, destfile = dest_file, mode = "wb", : cannot open URL 'https://opencoesione.gov.it/it/opendata/regioni/progetti_esteso_VDA.zip' Calls: get_data_region_OC -> <Anonymous> Execution halted Examples with CPU (user + system) or elapsed time > 5s user system elapsed get_data_RENDIS 2.944 0.053 7.722 Flavor: r-devel-linux-x86_64-debian-gcc

Version: 0.2.0
Check: installed package size
Result: NOTE installed size is 5.2Mb sub-directories of 1Mb or more: data 5.0Mb Flavors: r-devel-linux-x86_64-fedora-clang, r-devel-windows-x86_64, r-release-macos-arm64, r-release-macos-x86_64, r-release-windows-x86_64, r-oldrel-macos-arm64, r-oldrel-macos-x86_64, r-oldrel-windows-x86_64