Last updated on 2025-02-05 07:50:22 CET.
Flavor | Version | Tinstall | Tcheck | Ttotal | Status | Flags |
---|---|---|---|---|---|---|
r-devel-linux-x86_64-debian-clang | 0.1.2 | 6.43 | 45.93 | 52.36 | OK | |
r-devel-linux-x86_64-debian-gcc | 0.1.2 | 4.56 | 31.86 | 36.42 | OK | |
r-devel-linux-x86_64-fedora-clang | 0.1.2 | 91.75 | OK | |||
r-devel-linux-x86_64-fedora-gcc | 0.1.2 | 78.01 | OK | |||
r-devel-windows-x86_64 | 0.1.2 | 8.00 | 70.00 | 78.00 | OK | |
r-patched-linux-x86_64 | 0.1.2 | 6.88 | 41.71 | 48.59 | NOTE | |
r-release-linux-x86_64 | 0.1.2 | 6.39 | 42.56 | 48.95 | NOTE | |
r-release-macos-arm64 | 0.1.2 | 27.00 | NOTE | |||
r-release-macos-x86_64 | 0.1.2 | 38.00 | NOTE | |||
r-release-windows-x86_64 | 0.1.2 | 7.00 | 68.00 | 75.00 | NOTE | |
r-oldrel-macos-arm64 | 0.1.2 | 27.00 | NOTE | |||
r-oldrel-macos-x86_64 | 0.1.2 | 40.00 | NOTE | |||
r-oldrel-windows-x86_64 | 0.1.2 | 10.00 | 77.00 | 87.00 | NOTE |
Version: 0.1.2
Check: LazyData
Result: NOTE
'LazyData' is specified without a 'data' directory
Flavors: r-patched-linux-x86_64, r-release-linux-x86_64, r-release-macos-arm64, r-release-macos-x86_64, r-release-windows-x86_64, r-oldrel-macos-arm64, r-oldrel-macos-x86_64, r-oldrel-windows-x86_64