Last updated on 2025-02-04 16:49:21 CET.
Flavor | Version | Tinstall | Tcheck | Ttotal | Status | Flags |
---|---|---|---|---|---|---|
r-devel-linux-x86_64-debian-clang | 0.1.7 | 17.64 | 136.42 | 154.06 | NOTE | |
r-devel-linux-x86_64-debian-gcc | 0.1.7 | 12.26 | 101.84 | 114.10 | NOTE | |
r-devel-linux-x86_64-fedora-clang | 0.1.7 | 258.26 | OK | |||
r-devel-linux-x86_64-fedora-gcc | 0.1.7 | 223.28 | OK | |||
r-devel-windows-x86_64 | 0.1.7 | 17.00 | 136.00 | 153.00 | NOTE | |
r-patched-linux-x86_64 | 0.1.7 | 19.70 | 124.53 | 144.23 | OK | |
r-release-linux-x86_64 | 0.1.7 | 16.29 | 124.86 | 141.15 | OK | |
r-release-macos-arm64 | 0.1.7 | 66.00 | OK | |||
r-release-macos-x86_64 | 0.1.7 | 99.00 | OK | |||
r-release-windows-x86_64 | 0.1.7 | 16.00 | 131.00 | 147.00 | OK | |
r-oldrel-macos-arm64 | 0.1.6 | 79.00 | OK | |||
r-oldrel-macos-x86_64 | 0.1.6 | 130.00 | OK | |||
r-oldrel-windows-x86_64 | 0.1.6 | 23.00 | 166.00 | 189.00 | OK |
Version: 0.1.7
Check: Rd cross-references
Result: NOTE
Found the following Rd file(s) with Rd \link{} targets missing package
anchors:
QLMDe.Rd: fmx_constraint, fmx-class
drop1_fmx.Rd: fmx-class
fmx_cluster.Rd: fmx-class, fmx_constraint
fmx_hybrid.Rd: fmx-class, Kolmogorov_fmx
fmx_normix.Rd: fmx-class
step_fmx.Rd: fmx-class
Please provide package anchors for all Rd \link{} targets not in the
package itself and the base packages.
Flavors: r-devel-linux-x86_64-debian-clang, r-devel-linux-x86_64-debian-gcc, r-devel-windows-x86_64