CRAN Package Check Results for Package R.matlab

Last updated on 2024-07-17 17:54:20 CEST.

Flavor Version Tinstall Tcheck Ttotal Status Flags
r-devel-linux-x86_64-debian-clang 3.7.0 5.57 69.97 75.54 NOTE
r-devel-linux-x86_64-debian-gcc 3.7.0 4.73 48.44 53.17 NOTE
r-devel-linux-x86_64-fedora-clang 3.7.0 93.98 NOTE
r-devel-linux-x86_64-fedora-gcc 3.7.0 89.94 NOTE
r-devel-windows-x86_64 3.7.0 7.00 3178.00 3185.00 NOTE
r-patched-linux-x86_64 3.7.0 7.08 65.05 72.13 NOTE
r-release-linux-x86_64 3.7.0 5.55 66.02 71.57 NOTE
r-release-macos-arm64 3.7.0 30.00 NOTE
r-release-macos-x86_64 3.7.0 41.00 NOTE
r-release-windows-x86_64 3.7.0 5.00 2889.00 2894.00 NOTE
r-oldrel-macos-arm64 3.7.0 30.00 OK
r-oldrel-macos-x86_64 3.7.0 51.00 OK
r-oldrel-windows-x86_64 3.7.0 7.00 763.00 770.00 OK

Check Details

Version: 3.7.0
Check: Rd files
Result: NOTE checkRd: (-1) setOption.Matlab.Rd:37-39: Lost braces in \itemize; meant \describe ? checkRd: (-1) setOption.Matlab.Rd:40-41: Lost braces in \itemize; meant \describe ? Flavors: r-devel-linux-x86_64-debian-clang, r-devel-linux-x86_64-debian-gcc, r-devel-linux-x86_64-fedora-clang, r-devel-linux-x86_64-fedora-gcc, r-devel-windows-x86_64, r-patched-linux-x86_64, r-release-linux-x86_64, r-release-macos-arm64, r-release-macos-x86_64, r-release-windows-x86_64