CRAN Package Check Results for Package R.temis

Last updated on 2024-07-20 03:49:11 CEST.

Flavor Version Tinstall Tcheck Ttotal Status Flags
r-devel-linux-x86_64-debian-clang 0.1.3 9.20 157.03 166.23 OK
r-devel-linux-x86_64-debian-gcc 0.1.3 7.42 111.25 118.67 OK
r-devel-linux-x86_64-fedora-clang 0.1.3 218.26 NOTE
r-devel-linux-x86_64-fedora-gcc 0.1.3 197.92 NOTE
r-devel-windows-x86_64 0.1.3 14.00 122.00 136.00 NOTE
r-patched-linux-x86_64 0.1.3 16.23 149.44 165.67 OK
r-release-linux-x86_64 0.1.3 9.30 146.44 155.74 OK
r-release-macos-arm64 0.1.3 57.00 OK
r-release-macos-x86_64 0.1.3 83.00 OK
r-release-windows-x86_64 0.1.3 13.00 124.00 137.00 OK
r-oldrel-macos-arm64 0.1.3 62.00 OK
r-oldrel-macos-x86_64 0.1.3 110.00 OK
r-oldrel-windows-x86_64 0.1.3 16.00 146.00 162.00 OK

Check Details

Version: 0.1.3
Check: dependencies in R code
Result: NOTE Namespace in Imports field not imported from: ‘testthat’ All declared Imports should be used. Flavors: r-devel-linux-x86_64-fedora-clang, r-devel-linux-x86_64-fedora-gcc

Version: 0.1.3
Check: Rd cross-references
Result: NOTE Found the following Rd file(s) with Rd \link{} targets missing package anchors: terms_graph.Rd: tkplot, plot.igraph Please provide package anchors for all Rd \link{} targets not in the package itself and the base packages. Flavor: r-devel-windows-x86_64