Last updated on 2024-03-28 08:53:23 CET.
Flavor | Version | Tinstall | Tcheck | Ttotal | Status | Flags |
---|---|---|---|---|---|---|
r-devel-linux-x86_64-debian-clang | 2.3.3 | 8.38 | 48.53 | 56.91 | NOTE | |
r-devel-linux-x86_64-debian-gcc | 2.3.3 | 6.60 | 36.05 | 42.65 | NOTE | |
r-devel-linux-x86_64-fedora-clang | 2.3.3 | 67.96 | NOTE | |||
r-devel-linux-x86_64-fedora-gcc | 2.3.3 | 66.94 | NOTE | |||
r-devel-windows-x86_64 | 2.3.3 | 8.00 | 56.00 | 64.00 | NOTE | |
r-patched-linux-x86_64 | 2.3.3 | 9.12 | 46.11 | 55.23 | NOTE | |
r-release-linux-x86_64 | 2.3.3 | 5.99 | 46.21 | 52.20 | OK | |
r-release-macos-arm64 | 2.3.3 | 24.00 | OK | |||
r-release-macos-x86_64 | 2.3.3 | 37.00 | OK | |||
r-release-windows-x86_64 | 2.3.3 | 9.00 | 60.00 | 69.00 | OK | |
r-oldrel-macos-arm64 | 2.3.3 | 23.00 | OK | |||
r-oldrel-windows-x86_64 | 2.3.3 | 10.00 | 65.00 | 75.00 | OK |
Version: 2.3.3
Check: Rd files
Result: NOTE
checkRd: (-1) HTML.data.frame.Rd:54: Lost braces; missing escapes or markup?
54 | \code{getOption("R2HTML.format.decimal.mark")} and {options("R2HTML.format.decimal.mark"=",")}
| ^
Flavors: r-devel-linux-x86_64-debian-clang, r-devel-linux-x86_64-debian-gcc, r-devel-linux-x86_64-fedora-clang, r-devel-linux-x86_64-fedora-gcc, r-devel-windows-x86_64, r-patched-linux-x86_64
Version: 2.3.3
Check: Rd line widths
Result: NOTE
Rd file 'HTMLInsertGraph.Rd':
\examples lines wider than 100 characters:
## Not run: plot(table(rpois(100,5)), type = "h", col = "red", lwd=10,main="rpois(100,lambda=5)")
These lines will be truncated in the PDF manual.
Flavors: r-devel-linux-x86_64-debian-clang, r-devel-linux-x86_64-debian-gcc, r-devel-linux-x86_64-fedora-clang, r-devel-linux-x86_64-fedora-gcc, r-patched-linux-x86_64