CRAN Package Check Results for Package R2jags

Last updated on 2024-07-23 12:57:43 CEST.

Flavor Version Tinstall Tcheck Ttotal Status Flags
r-devel-linux-x86_64-debian-clang 0.8-5 3.54 44.60 48.14 OK
r-devel-linux-x86_64-debian-gcc 0.8-5 3.14 33.70 36.84 NOTE
r-devel-linux-x86_64-fedora-clang 0.8-5 62.00 OK
r-devel-linux-x86_64-fedora-gcc 0.8-5 61.43 OK
r-devel-windows-x86_64 0.8-5 5.00 56.00 61.00 NOTE
r-patched-linux-x86_64 0.8-5 7.46 42.50 49.96 OK
r-release-linux-x86_64 0.8-5 5.61 42.46 48.07 OK
r-release-macos-arm64 0.8-5 26.00 OK
r-release-macos-x86_64 0.8-5 39.00 OK
r-release-windows-x86_64 0.8-5 5.00 56.00 61.00 OK
r-oldrel-macos-arm64 0.8-5 31.00 OK
r-oldrel-macos-x86_64 0.8-5 49.00 OK
r-oldrel-windows-x86_64 0.8-5 7.00 61.00 68.00 OK

Check Details

Version: 0.8-5
Check: Rd cross-references
Result: NOTE Found the following Rd file(s) with Rd \link{} targets missing package anchors: jags.Rd: write.model Please provide package anchors for all Rd \link{} targets not in the package itself and the base packages. Flavors: r-devel-linux-x86_64-debian-gcc, r-devel-windows-x86_64