Last updated on 2025-02-04 16:49:21 CET.
Flavor | Version | Tinstall | Tcheck | Ttotal | Status | Flags |
---|---|---|---|---|---|---|
r-devel-linux-x86_64-debian-clang | 1.1.0 | 4.18 | 44.22 | 48.40 | OK | |
r-devel-linux-x86_64-debian-gcc | 1.1.0 | 3.23 | 33.93 | 37.16 | OK | |
r-devel-linux-x86_64-fedora-clang | 1.1.0 | 85.63 | OK | |||
r-devel-linux-x86_64-fedora-gcc | 1.1.0 | 88.56 | OK | |||
r-devel-windows-x86_64 | 1.1.0 | 8.00 | 73.00 | 81.00 | OK | |
r-patched-linux-x86_64 | 1.1.0 | 5.11 | 41.45 | 46.56 | NOTE | |
r-release-linux-x86_64 | 1.1.0 | 4.17 | 41.70 | 45.87 | NOTE | |
r-release-macos-arm64 | 1.1.0 | 33.00 | NOTE | |||
r-release-macos-x86_64 | 1.1.0 | 65.00 | NOTE | |||
r-release-windows-x86_64 | 1.1.0 | 8.00 | 71.00 | 79.00 | NOTE | |
r-oldrel-macos-arm64 | 1.1.0 | 30.00 | NOTE | |||
r-oldrel-macos-x86_64 | 1.1.0 | 47.00 | NOTE | |||
r-oldrel-windows-x86_64 | 1.1.0 | 9.00 | 79.00 | 88.00 | NOTE |
Version: 1.1.0
Check: LazyData
Result: NOTE
'LazyData' is specified without a 'data' directory
Flavors: r-patched-linux-x86_64, r-release-linux-x86_64, r-release-macos-arm64, r-release-macos-x86_64, r-release-windows-x86_64, r-oldrel-macos-arm64, r-oldrel-macos-x86_64, r-oldrel-windows-x86_64