Last updated on 2025-04-29 09:52:15 CEST.
Flavor | Version | Tinstall | Tcheck | Ttotal | Status | Flags |
---|---|---|---|---|---|---|
r-devel-linux-x86_64-debian-clang | 0.6.10 | 81.02 | 54.76 | 135.78 | OK | |
r-devel-linux-x86_64-debian-gcc | 0.6.10 | 68.40 | 38.73 | 107.13 | OK | |
r-devel-linux-x86_64-fedora-clang | 0.6.10 | 269.52 | OK | |||
r-devel-linux-x86_64-fedora-gcc | 0.6.10 | 257.70 | OK | |||
r-devel-windows-x86_64 | 0.6.10 | 120.00 | 96.00 | 216.00 | OK | |
r-patched-linux-x86_64 | 0.6.10 | 81.27 | 51.97 | 133.24 | OK | |
r-release-linux-x86_64 | 0.6.10 | 87.98 | 51.46 | 139.44 | OK | |
r-release-macos-arm64 | 0.6.10 | 68.00 | OK | |||
r-release-macos-x86_64 | 0.6.10 | 79.00 | OK | |||
r-release-windows-x86_64 | 0.6.10 | 132.00 | 93.00 | 225.00 | OK | |
r-oldrel-macos-arm64 | 0.6.10 | 71.00 | NOTE | |||
r-oldrel-macos-x86_64 | 0.6.10 | 99.00 | NOTE | |||
r-oldrel-windows-x86_64 | 0.6.10 | 144.00 | 111.00 | 255.00 | OK |
Version: 0.6.10
Check: installed package size
Result: NOTE
installed size is 13.6Mb
sub-directories of 1Mb or more:
libs 13.3Mb
Flavors: r-oldrel-macos-arm64, r-oldrel-macos-x86_64