Last updated on 2023-12-04 21:56:22 CET.
Flavor | Version | Tinstall | Tcheck | Ttotal | Status | Flags |
---|---|---|---|---|---|---|
r-devel-linux-x86_64-debian-clang | 1.0 | 30.39 | 68.13 | 98.52 | NOTE | |
r-devel-linux-x86_64-debian-gcc | 1.0 | 29.50 | 50.55 | 80.05 | NOTE | |
r-devel-linux-x86_64-fedora-clang | 1.0 | 142.26 | NOTE | |||
r-devel-linux-x86_64-fedora-gcc | 1.0 | 129.26 | NOTE | |||
r-devel-windows-x86_64 | 1.0 | 32.00 | 76.00 | 108.00 | NOTE | |
r-patched-linux-x86_64 | 1.0 | 29.66 | 63.65 | 93.31 | NOTE | |
r-release-linux-x86_64 | 1.0 | 23.53 | 63.21 | 86.74 | NOTE | |
r-release-macos-arm64 | 1.0 | 39.00 | NOTE | |||
r-release-macos-x86_64 | 1.0 | 67.00 | NOTE | |||
r-release-windows-x86_64 | 1.0 | 42.00 | 88.00 | 130.00 | NOTE | |
r-oldrel-macos-arm64 | 1.0 | 35.00 | NOTE | |||
r-oldrel-macos-x86_64 | 1.0 | 64.00 | NOTE | |||
r-oldrel-windows-x86_64 | 1.0 | 43.00 | 82.00 | 125.00 | NOTE |
Version: 1.0
Check: LazyData
Result: NOTE
'LazyData' is specified without a 'data' directory
Flavors: r-devel-linux-x86_64-debian-clang, r-devel-linux-x86_64-debian-gcc, r-devel-linux-x86_64-fedora-clang, r-devel-linux-x86_64-fedora-gcc, r-devel-windows-x86_64, r-patched-linux-x86_64, r-release-linux-x86_64, r-release-macos-arm64, r-release-macos-x86_64, r-release-windows-x86_64, r-oldrel-macos-arm64, r-oldrel-macos-x86_64, r-oldrel-windows-x86_64