CRAN Package Check Results for Package RMixtCompUtilities

Last updated on 2024-06-20 04:53:53 CEST.

Flavor Version Tinstall Tcheck Ttotal Status Flags
r-devel-linux-x86_64-debian-clang 4.1.6 11.10 83.67 94.77 NOTE
r-devel-linux-x86_64-debian-gcc 4.1.6 7.52 61.64 69.16 NOTE
r-devel-linux-x86_64-fedora-clang 4.1.6 113.39 NOTE
r-devel-linux-x86_64-fedora-gcc 4.1.6 107.44 NOTE
r-devel-windows-x86_64 4.1.6 9.00 88.00 97.00 NOTE
r-patched-linux-x86_64 4.1.6 9.06 77.85 86.91 NOTE
r-release-linux-x86_64 4.1.6 5.47 77.63 83.10 NOTE
r-release-macos-arm64 4.1.6 35.00 NOTE
r-release-macos-x86_64 4.1.6 131.00 NOTE
r-release-windows-x86_64 4.1.6 9.00 91.00 100.00 NOTE
r-oldrel-macos-arm64 4.1.6 35.00 OK
r-oldrel-macos-x86_64 4.1.6 82.00 OK
r-oldrel-windows-x86_64 4.1.6 11.00 104.00 115.00 OK

Check Details

Version: 4.1.6
Check: Rd files
Result: NOTE checkRd: (-1) histMisclassif.Rd:22: Lost braces 22 | err_i = 1 - max_{k={1,\ldots,K}} P(Z_i=k|x_i) | ^ checkRd: (-1) histMisclassif.Rd:22: Lost braces 22 | err_i = 1 - max_{k={1,\ldots,K}} P(Z_i=k|x_i) | ^ Flavors: r-devel-linux-x86_64-debian-clang, r-devel-linux-x86_64-debian-gcc, r-devel-linux-x86_64-fedora-clang, r-devel-linux-x86_64-fedora-gcc, r-devel-windows-x86_64, r-patched-linux-x86_64, r-release-linux-x86_64, r-release-macos-arm64, r-release-macos-x86_64, r-release-windows-x86_64