CRAN Package Check Results for Package RMySQL

Last updated on 2024-07-15 04:48:45 CEST.

Flavor Version Tinstall Tcheck Ttotal Status Flags
r-devel-linux-x86_64-debian-clang 0.10.27 9.80 42.07 51.87 OK
r-devel-linux-x86_64-debian-gcc 0.10.27 6.01 31.82 37.83 OK
r-devel-linux-x86_64-fedora-clang 0.10.27 66.93 OK
r-devel-linux-x86_64-fedora-gcc 0.10.27 66.07 OK
r-devel-windows-x86_64 0.10.27 22.00 134.00 156.00 NOTE
r-patched-linux-x86_64 0.10.27 8.02 39.01 47.03 OK
r-release-linux-x86_64 0.10.27 7.57 39.93 47.50 OK
r-release-macos-arm64 0.10.27 30.00 OK
r-release-macos-x86_64 0.10.27 49.00 OK
r-release-windows-x86_64 0.10.27 24.00 135.00 159.00 OK
r-oldrel-macos-arm64 0.10.27 32.00 OK
r-oldrel-macos-x86_64 0.10.27 58.00 OK
r-oldrel-windows-x86_64 0.10.27 26.00 138.00 164.00 OK

Check Details

Version: 0.10.27
Check: Rd cross-references
Result: NOTE Found the following Rd file(s) with Rd \link{} targets missing package anchors: transactions.Rd: dbConnect Please provide package anchors for all Rd \link{} targets not in the package itself and the base packages. Flavor: r-devel-windows-x86_64