Last updated on 2024-05-02 08:57:55 CEST.
Flavor | Version | Tinstall | Tcheck | Ttotal | Status | Flags |
---|---|---|---|---|---|---|
r-devel-linux-x86_64-debian-clang | 1.4.0 | 10.26 | 97.54 | 107.80 | NOTE | |
r-devel-linux-x86_64-debian-gcc | 1.4.0 | 9.39 | 71.91 | 81.30 | NOTE | |
r-devel-linux-x86_64-fedora-clang | 1.4.0 | 138.54 | NOTE | |||
r-devel-linux-x86_64-fedora-gcc | 1.4.0 | 141.87 | NOTE | |||
r-devel-windows-x86_64 | 1.4.0 | 11.00 | 94.00 | 105.00 | NOTE | |
r-patched-linux-x86_64 | 1.4.0 | 18.14 | 91.70 | 109.84 | NOTE | |
r-release-linux-x86_64 | 1.4.0 | 11.67 | 95.56 | 107.23 | NOTE | |
r-release-macos-arm64 | 1.4.0 | 40.00 | NOTE | |||
r-release-windows-x86_64 | 1.4.0 | 12.00 | 95.00 | 107.00 | NOTE | |
r-oldrel-macos-arm64 | 1.4.0 | 47.00 | OK | |||
r-oldrel-macos-x86_64 | 1.4.0 | 68.00 | OK | |||
r-oldrel-windows-x86_64 | 1.4.0 | 14.00 | 112.00 | 126.00 | OK |
Version: 1.4.0
Check: Rd files
Result: NOTE
checkRd: (-1) landslides.Rd:11-21: Lost braces in \enumerate; meant \describe ?
checkRd: (-1) landslides.Rd:16: Lost braces in \itemize; meant \describe ?
checkRd: (-1) landslides.Rd:17-18: Lost braces in \itemize; meant \describe ?
checkRd: (-1) landslides.Rd:22-26: Lost braces
22 | \item \code{dem} {Digital elevation model given as a .Rd grid, i.e. a list
| ^
checkRd: (-1) landslides.Rd:27-28: Lost braces
27 | \item \code{study_area} {An \code{sf}-object representing the outlines of
| ^
checkRd: (-1) rsaga.get.modules.Rd:68: Lost braces in \itemize; \value handles \item{}{} directly
checkRd: (-1) rsaga.get.modules.Rd:69: Lost braces in \itemize; \value handles \item{}{} directly
checkRd: (-1) rsaga.get.modules.Rd:70: Lost braces in \itemize; \value handles \item{}{} directly
Flavors: r-devel-linux-x86_64-debian-clang, r-devel-linux-x86_64-debian-gcc, r-devel-linux-x86_64-fedora-clang, r-devel-linux-x86_64-fedora-gcc, r-devel-windows-x86_64, r-patched-linux-x86_64, r-release-linux-x86_64, r-release-macos-arm64, r-release-windows-x86_64