Last updated on 2025-02-04 18:49:57 CET.
Flavor | Version | Tinstall | Tcheck | Ttotal | Status | Flags |
---|---|---|---|---|---|---|
r-devel-linux-x86_64-debian-clang | 0.3-6 | 15.82 | 120.97 | 136.79 | NOTE | |
r-devel-linux-x86_64-debian-gcc | 0.3-6 | 10.82 | 80.71 | 91.53 | NOTE | |
r-devel-linux-x86_64-fedora-clang | 0.3-6 | 221.84 | NOTE | |||
r-devel-linux-x86_64-fedora-gcc | 0.3-6 | 203.92 | NOTE | |||
r-devel-windows-x86_64 | 0.3-6 | 17.00 | 131.00 | 148.00 | NOTE | |
r-patched-linux-x86_64 | 0.3-6 | 14.63 | 109.85 | 124.48 | NOTE | |
r-release-linux-x86_64 | 0.3-6 | 14.77 | 109.73 | 124.50 | NOTE | |
r-release-macos-arm64 | 0.3-6 | 48.00 | NOTE | |||
r-release-macos-x86_64 | 0.3-6 | 78.00 | NOTE | |||
r-release-windows-x86_64 | 0.3-6 | 16.00 | 132.00 | 148.00 | NOTE | |
r-oldrel-macos-arm64 | 0.3-6 | 53.00 | OK | |||
r-oldrel-macos-x86_64 | 0.3-6 | 94.00 | OK | |||
r-oldrel-windows-x86_64 | 0.3-6 | 21.00 | 142.00 | 163.00 | OK |
Version: 0.3-6
Check: Rd files
Result: NOTE
checkRd: (-1) Rchoice.Rd:159: Lost braces; missing escapes or markup?
159 | \code{ranp}. If the parameters are assumed to be normally distributed \eqn{\beta_i ~ N(\beta, \Sigma)}, then the random parameter are constructed as: \deqn{\beta_{ir}=\beta+L\omega_{ir}} where \eqn{LL'=\Sigma} and \eqn{\omega_{ir}} is the {r}-th draw from standard normal distribution for individual \eqn{i}.
| ^
Flavors: r-devel-linux-x86_64-debian-clang, r-devel-linux-x86_64-debian-gcc, r-devel-linux-x86_64-fedora-clang, r-devel-linux-x86_64-fedora-gcc, r-devel-windows-x86_64, r-patched-linux-x86_64, r-release-linux-x86_64, r-release-macos-arm64, r-release-macos-x86_64, r-release-windows-x86_64