Last updated on 2024-03-28 23:01:55 CET.
Flavor | Version | Tinstall | Tcheck | Ttotal | Status | Flags |
---|---|---|---|---|---|---|
r-devel-linux-x86_64-debian-clang | 1.0.12 | 69.20 | 90.48 | 159.68 | OK | |
r-devel-linux-x86_64-debian-gcc | 1.0.12 | 41.44 | 69.68 | 111.12 | OK | |
r-devel-linux-x86_64-fedora-clang | 1.0.12 | 214.59 | NOTE | |||
r-devel-linux-x86_64-fedora-gcc | 1.0.12 | 226.17 | NOTE | |||
r-devel-windows-x86_64 | 1.0.12 | 55.00 | 212.00 | 267.00 | NOTE | |
r-patched-linux-x86_64 | 1.0.12 | 63.16 | 85.66 | 148.82 | OK | |
r-release-linux-x86_64 | 1.0.12 | 62.12 | 83.85 | 145.97 | OK | |
r-release-macos-arm64 | 1.0.12 | 85.00 | NOTE | |||
r-release-macos-x86_64 | 1.0.12 | 204.00 | NOTE | |||
r-release-windows-x86_64 | 1.0.12 | 56.00 | 188.00 | 244.00 | NOTE | |
r-oldrel-macos-arm64 | 1.0.12 | 82.00 | NOTE | |||
r-oldrel-windows-x86_64 | 1.0.12 | 65.00 | 187.00 | 252.00 | NOTE |
Version: 1.0.12
Check: installed package size
Result: NOTE
installed size is 10.2Mb
sub-directories of 1Mb or more:
doc 1.1Mb
include 6.4Mb
tinytest 1.0Mb
Flavors: r-devel-linux-x86_64-fedora-clang, r-devel-windows-x86_64, r-release-macos-arm64, r-release-macos-x86_64, r-release-windows-x86_64, r-oldrel-macos-arm64, r-oldrel-windows-x86_64
Version: 1.0.12
Check: foreign function calls
Result: NOTE
Registration problem:
symbol ‘symbol’ in the local frame:
.Call(symbol)
See chapter ‘System and foreign language interfaces’ in the ‘Writing R
Extensions’ manual.
Flavors: r-devel-linux-x86_64-fedora-clang, r-devel-linux-x86_64-fedora-gcc