Last updated on 2023-12-01 02:53:45 CET.
Flavor | Version | Tinstall | Tcheck | Ttotal | Status | Flags |
---|---|---|---|---|---|---|
r-devel-linux-x86_64-debian-clang | 0.6.2 | 79.05 | 71.21 | 150.26 | WARN | |
r-devel-linux-x86_64-debian-gcc | 0.6.2 | 54.51 | 51.14 | 105.65 | NOTE | |
r-devel-linux-x86_64-fedora-clang | 0.6.3 | 203.35 | NOTE | |||
r-devel-linux-x86_64-fedora-gcc | 0.6.3 | 239.73 | NOTE | |||
r-devel-windows-x86_64 | 0.6.2 | 115.00 | 126.00 | 241.00 | NOTE | |
r-patched-linux-x86_64 | 0.6.2 | 66.72 | 66.44 | 133.16 | NOTE | |
r-release-linux-x86_64 | 0.6.2 | 64.36 | 65.62 | 129.98 | NOTE | |
r-release-macos-arm64 | 0.6.3 | 74.00 | NOTE | |||
r-release-macos-x86_64 | 0.6.2 | 104.00 | NOTE | |||
r-release-windows-x86_64 | 0.6.2 | 128.00 | 144.00 | 272.00 | NOTE | |
r-oldrel-macos-arm64 | 0.6.3 | 58.00 | NOTE | |||
r-oldrel-macos-x86_64 | 0.6.2 | 76.00 | NOTE | |||
r-oldrel-windows-x86_64 | 0.6.2 | 150.00 | 115.00 | 265.00 | NOTE |
Version: 0.6.2
Check: whether package can be installed
Result: WARN
Found the following significant warnings:
RcppExports.cpp:195:18: warning: format string is not a string literal (potentially insecure) [-Wformat-security]
RcppExports.cpp:228:18: warning: format string is not a string literal (potentially insecure) [-Wformat-security]
RcppExports.cpp:264:18: warning: format string is not a string literal (potentially insecure) [-Wformat-security]
RcppExports.cpp:300:18: warning: format string is not a string literal (potentially insecure) [-Wformat-security]
RcppExports.cpp:337:18: warning: format string is not a string literal (potentially insecure) [-Wformat-security]
RcppExports.cpp:371:18: warning: format string is not a string literal (potentially insecure) [-Wformat-security]
RcppExports.cpp:405:18: warning: format string is not a string literal (potentially insecure) [-Wformat-security]
RcppExports.cpp:439:18: warning: format string is not a string literal (potentially insecure) [-Wformat-security]
RcppExports.cpp:475:18: warning: format string is not a string literal (potentially insecure) [-Wformat-security]
RcppExports.cpp:512:18: warning: format string is not a string literal (potentially insecure) [-Wformat-security]
RcppExports.cpp:547:18: warning: format string is not a string literal (potentially insecure) [-Wformat-security]
RcppExports.cpp:584:18: warning: format string is not a string literal (potentially insecure) [-Wformat-security]
RcppExports.cpp:619:18: warning: format string is not a string literal (potentially insecure) [-Wformat-security]
RcppExports.cpp:656:18: warning: format string is not a string literal (potentially insecure) [-Wformat-security]
RcppExports.cpp:691:18: warning: format string is not a string literal (potentially insecure) [-Wformat-security]
RcppExports.cpp:728:18: warning: format string is not a string literal (potentially insecure) [-Wformat-security]
RcppExports.cpp:763:18: warning: format string is not a string literal (potentially insecure) [-Wformat-security]
RcppExports.cpp:800:18: warning: format string is not a string literal (potentially insecure) [-Wformat-security]
RcppExports.cpp:837:18: warning: format string is not a string literal (potentially insecure) [-Wformat-security]
RcppExports.cpp:872:18: warning: format string is not a string literal (potentially insecure) [-Wformat-security]
RcppExports.cpp:909:18: warning: format string is not a string literal (potentially insecure) [-Wformat-security]
RcppExports.cpp:944:18: warning: format string is not a string literal (potentially insecure) [-Wformat-security]
RcppExports.cpp:981:18: warning: format string is not a string literal (potentially insecure) [-Wformat-security]
RcppExports.cpp:1016:18: warning: format string is not a string literal (potentially insecure) [-Wformat-security]
RcppExports.cpp:1053:18: warning: format string is not a string literal (potentially insecure) [-Wformat-security]
RcppExports.cpp:1088:18: warning: format string is not a string literal (potentially insecure) [-Wformat-security]
RcppExports.cpp:1125:18: warning: format string is not a string literal (potentially insecure) [-Wformat-security]
RcppExports.cpp:1160:18: warning: format string is not a string literal (potentially insecure) [-Wformat-security]
RcppExports.cpp:1197:18: warning: format string is not a string literal (potentially insecure) [-Wformat-security]
RcppExports.cpp:1232:18: warning: format string is not a string literal (potentially insecure) [-Wformat-security]
RcppExports.cpp:1269:18: warning: format string is not a string literal (potentially insecure) [-Wformat-security]
RcppExports.cpp:1304:18: warning: format string is not a string literal (potentially insecure) [-Wformat-security]
RcppExports.cpp:1339:18: warning: format string is not a string literal (potentially insecure) [-Wformat-security]
RcppExports.cpp:1375:18: warning: format string is not a string literal (potentially insecure) [-Wformat-security]
RcppExports.cpp:1410:18: warning: format string is not a string literal (potentially insecure) [-Wformat-security]
RcppExports.cpp:1445:18: warning: format string is not a string literal (potentially insecure) [-Wformat-security]
RcppExports.cpp:1480:18: warning: format string is not a string literal (potentially insecure) [-Wformat-security]
RcppExports.cpp:1516:18: warning: format string is not a string literal (potentially insecure) [-Wformat-security]
RcppExports.cpp:1551:18: warning: format string is not a string literal (potentially insecure) [-Wformat-security]
RcppExports.cpp:1586:18: warning: format string is not a string literal (potentially insecure) [-Wformat-security]
RcppExports.cpp:1621:18: warning: format string is not a string literal (potentially insecure) [-Wformat-security]
RcppExports.cpp:1656:18: warning: format string is not a string literal (potentially insecure) [-Wformat-security]
RcppExports.cpp:1691:18: warning: format string is not a string literal (potentially insecure) [-Wformat-security]
RcppExports.cpp:1726:18: warning: format string is not a string literal (potentially insecure) [-Wformat-security]
RcppExports.cpp:1762:18: warning: format string is not a string literal (potentially insecure) [-Wformat-security]
RcppExports.cpp:1797:18: warning: format string is not a string literal (potentially insecure) [-Wformat-security]
RcppExports.cpp:1830:18: warning: format string is not a string literal (potentially insecure) [-Wformat-security]
RcppExports.cpp:1864:18: warning: format string is not a string literal (potentially insecure) [-Wformat-security]
RcppExports.cpp:1896:18: warning: format string is not a string literal (potentially insecure) [-Wformat-security]
RcppExports.cpp:1930:18: warning: format string is not a string literal (potentially insecure) [-Wformat-security]
RcppExports.cpp:1963:18: warning: format string is not a string literal (potentially insecure) [-Wformat-security]
RcppExports.cpp:1996:18: warning: format string is not a string literal (potentially insecure) [-Wformat-security]
RcppExports.cpp:2030:18: warning: format string is not a string literal (potentially insecure) [-Wformat-security]
RcppExports.cpp:2063:18: warning: format string is not a string literal (potentially insecure) [-Wformat-security]
RcppExports.cpp:2099:18: warning: format string is not a string literal (potentially insecure) [-Wformat-security]
RcppExports.cpp:2133:18: warning: format string is not a string literal (potentially insecure) [-Wformat-security]
RcppExports.cpp:2167:18: warning: format string is not a string literal (potentially insecure) [-Wformat-security]
RcppExports.cpp:2201:18: warning: format string is not a string literal (potentially insecure) [-Wformat-security]
RcppExports.cpp:2235:18: warning: format string is not a string literal (potentially insecure) [-Wformat-security]
RcppExports.cpp:2269:18: warning: format string is not a string literal (potentially insecure) [-Wformat-security]
RcppExports.cpp:2303:18: warning: format string is not a string literal (potentially insecure) [-Wformat-security]
RcppExports.cpp:2338:18: warning: format string is not a string literal (potentially insecure) [-Wformat-security]
RcppExports.cpp:2374:18: warning: format string is not a string literal (potentially insecure) [-Wformat-security]
RcppExports.cpp:2410:18: warning: format string is not a string literal (potentially insecure) [-Wformat-security]
RcppExports.cpp:2446:18: warning: format string is not a string literal (potentially insecure) [-Wformat-security]
RcppExports.cpp:2482:18: warning: format string is not a string literal (potentially insecure) [-Wformat-security]
RcppExports.cpp:2527:18: warning: format string is not a string literal (potentially insecure) [-Wformat-security]
See ‘/home/hornik/tmp/R.check/r-devel-clang/Work/PKGS/RcppCWB.Rcheck/00install.out’ for details.
* used C++ compiler: ‘Debian clang version 17.0.5 (1)’
Flavor: r-devel-linux-x86_64-debian-clang
Version: 0.6.2
Check: for GNU extensions in Makefiles
Result: NOTE
GNU make is a SystemRequirements.
Flavors: r-devel-linux-x86_64-debian-clang, r-devel-linux-x86_64-debian-gcc, r-devel-windows-x86_64, r-patched-linux-x86_64, r-release-linux-x86_64, r-release-macos-x86_64, r-release-windows-x86_64, r-oldrel-macos-x86_64, r-oldrel-windows-x86_64
Version: 0.6.3
Check: for GNU extensions in Makefiles
Result: NOTE
GNU make is a SystemRequirements.
Flavors: r-devel-linux-x86_64-fedora-clang, r-devel-linux-x86_64-fedora-gcc, r-release-macos-arm64, r-oldrel-macos-arm64
Version: 0.6.2
Check: installed package size
Result: NOTE
installed size is 5.1Mb
sub-directories of 1Mb or more:
libs 3.8Mb
Flavors: r-devel-windows-x86_64, r-release-macos-x86_64, r-release-windows-x86_64, r-oldrel-macos-x86_64, r-oldrel-windows-x86_64
Version: 0.6.3
Check: installed package size
Result: NOTE
installed size is 7.3Mb
sub-directories of 1Mb or more:
libs 5.9Mb
Flavors: r-release-macos-arm64, r-oldrel-macos-arm64