CRAN Package Check Results for Package Rgff

Last updated on 2024-06-17 19:51:41 CEST.

Flavor Version Tinstall Tcheck Ttotal Status Flags
r-devel-linux-x86_64-debian-clang 0.1.6 7.23 82.96 90.19 OK
r-devel-linux-x86_64-debian-gcc 0.1.6 4.64 62.73 67.37 OK
r-devel-linux-x86_64-fedora-clang 0.1.6 113.86 NOTE
r-devel-linux-x86_64-fedora-gcc 0.1.6 123.64 NOTE
r-devel-windows-x86_64 0.1.6 6.00 82.00 88.00 OK
r-patched-linux-x86_64 0.1.6 7.58 78.34 85.92 OK
r-release-linux-x86_64 0.1.6 3.57 79.61 83.18 OK
r-release-macos-arm64 0.1.6 42.00 OK
r-release-macos-x86_64 0.1.6 59.00 OK
r-release-windows-x86_64 0.1.6 6.00 81.00 87.00 OK
r-oldrel-macos-arm64 0.1.6 42.00 OK
r-oldrel-macos-x86_64 0.1.6 71.00 OK
r-oldrel-windows-x86_64 0.1.6 8.00 98.00 106.00 OK

Additional issues

noSuggests

Check Details

Version: 0.1.6
Check: dependencies in R code
Result: NOTE Namespace in Imports field not imported from: ‘tidyr’ All declared Imports should be used. Flavors: r-devel-linux-x86_64-fedora-clang, r-devel-linux-x86_64-fedora-gcc