Last updated on 2025-04-30 06:51:28 CEST.
Flavor | Version | Tinstall | Tcheck | Ttotal | Status | Flags |
---|---|---|---|---|---|---|
r-devel-linux-x86_64-debian-clang | 0.2.0 | 5.84 | 67.29 | 73.13 | NOTE | |
r-devel-linux-x86_64-debian-gcc | 0.2.0 | 4.19 | 43.92 | 48.11 | NOTE | |
r-devel-linux-x86_64-fedora-clang | 0.2.0 | 115.42 | NOTE | |||
r-devel-linux-x86_64-fedora-gcc | 0.2.0 | 122.17 | NOTE | |||
r-devel-windows-x86_64 | 0.2.0 | 7.00 | 77.00 | 84.00 | NOTE | |
r-patched-linux-x86_64 | 0.2.0 | 7.12 | 61.16 | 68.28 | NOTE | |
r-release-linux-x86_64 | 0.2.0 | 5.99 | 61.32 | 67.31 | NOTE | |
r-release-macos-arm64 | 0.2.0 | 40.00 | NOTE | |||
r-release-macos-x86_64 | 0.2.0 | 81.00 | NOTE | |||
r-release-windows-x86_64 | 0.2.0 | 8.00 | 80.00 | 88.00 | NOTE | |
r-oldrel-macos-arm64 | 0.2.0 | 39.00 | OK | |||
r-oldrel-macos-x86_64 | 0.2.0 | 92.00 | OK | |||
r-oldrel-windows-x86_64 | 0.2.0 | 10.00 | 95.00 | 105.00 | OK |
Version: 0.2.0
Check: DESCRIPTION meta-information
Result: NOTE
Missing dependency on R >= 4.1.0 because package code uses the pipe
|> or function shorthand \(...) syntax added in R 4.1.0.
File(s) using such syntax:
‘15_SCORE2-Diabetes_func.R’
Flavors: r-devel-linux-x86_64-debian-clang, r-devel-linux-x86_64-debian-gcc, r-devel-linux-x86_64-fedora-clang, r-devel-linux-x86_64-fedora-gcc, r-devel-windows-x86_64, r-patched-linux-x86_64, r-release-linux-x86_64, r-release-macos-arm64, r-release-macos-x86_64, r-release-windows-x86_64
Version: 0.2.0
Check: examples
Result: NOTE
Examples with CPU (user + system) or elapsed time > 5s
user system elapsed
RiskScoresCalc 6.894 0.027 8.122
Flavor: r-devel-linux-x86_64-debian-clang