Last updated on 2025-02-04 21:49:38 CET.
Flavor | Version | Tinstall | Tcheck | Ttotal | Status | Flags |
---|---|---|---|---|---|---|
r-devel-linux-x86_64-debian-clang | 1.0.2 | 1.79 | 19.98 | 21.77 | NOTE | |
r-devel-linux-x86_64-debian-gcc | 1.0.2 | 1.48 | 17.12 | 18.60 | NOTE | |
r-devel-linux-x86_64-fedora-clang | 1.0.2 | 36.05 | NOTE | |||
r-devel-linux-x86_64-fedora-gcc | 1.0.2 | 33.32 | NOTE | |||
r-devel-windows-x86_64 | 1.0.2 | 3.00 | 49.00 | 52.00 | NOTE | |
r-patched-linux-x86_64 | 1.0.2 | 2.87 | 19.17 | 22.04 | NOTE | |
r-release-linux-x86_64 | 1.0.2 | 1.64 | 19.10 | 20.74 | NOTE | |
r-release-macos-arm64 | 1.0.2 | 14.00 | OK | |||
r-release-macos-x86_64 | 1.0.2 | 22.00 | OK | |||
r-release-windows-x86_64 | 1.0.2 | 3.00 | 50.00 | 53.00 | OK | |
r-oldrel-macos-arm64 | 1.0.2 | 16.00 | OK | |||
r-oldrel-macos-x86_64 | 1.0.2 | 21.00 | OK | |||
r-oldrel-windows-x86_64 | 1.0.2 | 2.00 | 48.00 | 50.00 | OK |
Version: 1.0.2
Check: Rd cross-references
Result: NOTE
Found the following Rd file(s) with Rd \link{} targets missing package
anchors:
fititcdata.Rd: nls.lm
Please provide package anchors for all Rd \link{} targets not in the
package itself and the base packages.
Flavors: r-devel-linux-x86_64-debian-clang, r-devel-linux-x86_64-debian-gcc, r-devel-windows-x86_64
Version: 1.0.2
Check: for non-standard things in the check directory
Result: NOTE
Found the following files/directories:
‘B110711CD4.CSV’ ‘inputparam2.txt’ ‘itcout0.pdf’ ‘itcout1.eps’
‘origin_data.csv’
Flavors: r-devel-linux-x86_64-debian-clang, r-devel-linux-x86_64-debian-gcc, r-devel-linux-x86_64-fedora-clang, r-devel-linux-x86_64-fedora-gcc, r-patched-linux-x86_64, r-release-linux-x86_64